CRAN Package Check Results for Package cutpointr

Last updated on 2021-09-20 07:50:26 CEST.

Flavor Version Tinstall Tcheck Ttotal Status Flags
r-devel-linux-x86_64-debian-clang 1.1.1 55.47 264.48 319.95 OK
r-devel-linux-x86_64-debian-gcc 1.1.1 36.28 190.40 226.68 OK
r-devel-linux-x86_64-fedora-clang 1.1.1 385.34 OK
r-devel-linux-x86_64-fedora-gcc 1.1.1 360.89 OK
r-devel-windows-x86_64 1.1.1 53.00 250.00 303.00 OK
r-devel-windows-x86_64-gcc10-UCRT 1.1.1 ERROR
r-patched-linux-x86_64 1.1.1 46.76 246.73 293.49 OK
r-patched-solaris-x86 1.1.1 407.30 OK
r-release-linux-x86_64 1.1.1 33.70 242.96 276.66 OK
r-release-macos-arm64 1.1.1 OK
r-release-macos-x86_64 1.1.1 OK
r-release-windows-ix86+x86_64 1.1.1 125.00 379.00 504.00 OK
r-oldrel-macos-x86_64 1.1.1 OK
r-oldrel-windows-ix86+x86_64 1.1.1 124.00 510.00 634.00 OK

Check Details

Version: 1.1.1
Check: whether package can be installed
Result: ERROR
    Installation failed.
Flavor: r-devel-windows-x86_64-gcc10-UCRT