CRAN Package Check Results for Package cycleRtools

Last updated on 2021-11-27 08:50:34 CET.

Flavor Version Tinstall Tcheck Ttotal Status Flags
r-devel-linux-x86_64-debian-clang 1.1.1 OK
r-devel-linux-x86_64-debian-gcc 1.1.1 37.55 43.43 80.98 OK
r-devel-linux-x86_64-fedora-clang 1.1.1 181.10 NOTE
r-devel-linux-x86_64-fedora-gcc 1.1.1 143.99 NOTE
r-devel-windows-x86_64-new-UL 1.1.1 86.00 126.00 212.00 OK
r-devel-windows-x86_64-new-TK 1.1.1 OK
r-devel-windows-x86_64-old 1.1.1 62.00 80.00 142.00 OK
r-patched-linux-x86_64 1.1.1 44.34 54.21 98.55 OK
r-patched-solaris-x86 1.1.1 157.10 WARN
r-release-linux-x86_64 1.1.1 OK
r-release-macos-arm64 1.1.1 OK
r-release-macos-x86_64 1.1.1 WARN
r-release-windows-ix86+x86_64 1.1.1 141.00 79.00 220.00 NOTE
r-oldrel-macos-x86_64 1.1.1 WARN
r-oldrel-windows-ix86+x86_64 1.1.1 110.00 100.00 210.00 NOTE

Check Details

Version: 1.1.1
Check: compiled code
Result: NOTE
    File ‘cycleRtools/libs/cycleRtools.so’:
     Found no calls to: ‘R_registerRoutines’, ‘R_useDynamicSymbols’
    
    It is good practice to register native routines and to disable symbol
    search.
    
    See ‘Writing portable packages’ in the ‘Writing R Extensions’ manual.
Flavors: r-devel-linux-x86_64-fedora-clang, r-devel-linux-x86_64-fedora-gcc

Version: 1.1.1
Check: re-building of vignette outputs
Result: WARN
    Error(s) in re-building vignettes:
     ...
    --- re-building ‘cycling_data_analysis.Rmd’ using rmarkdown
    Pandoc is required to build R Markdown vignettes but not available. Please make sure it is installed.
    Quitting from lines 177-179 (cycling_data_analysis.Rmd)
    Error: processing vignette 'cycling_data_analysis.Rmd' failed with diagnostics:
    there is no package called 'webshot'
    --- failed re-building ‘cycling_data_analysis.Rmd’
    
    SUMMARY: processing the following file failed:
     ‘cycling_data_analysis.Rmd’
    
    Error: Vignette re-building failed.
    Execution halted
Flavor: r-patched-solaris-x86

Version: 1.1.1
Check: re-building of vignette outputs
Result: WARN
    Error(s) in re-building vignettes:
     ...
    --- re-building ‘cycling_data_analysis.Rmd’ using rmarkdown
    Warning in engine$weave(file, quiet = quiet, encoding = enc) :
     Pandoc (>= 1.12.3) not available. Falling back to R Markdown v1.
    Quitting from lines 177-179 (cycling_data_analysis.Rmd)
    Error: processing vignette 'cycling_data_analysis.Rmd' failed with diagnostics:
    invalid 'path' argument
    --- failed re-building ‘cycling_data_analysis.Rmd’
    
    SUMMARY: processing the following file failed:
     ‘cycling_data_analysis.Rmd’
    
    Error: Vignette re-building failed.
    Execution halted
Flavor: r-release-macos-x86_64

Version: 1.1.1
Check: installed package size
Result: NOTE
     installed size is 5.0Mb
     sub-directories of 1Mb or more:
     libs 2.1Mb
Flavors: r-release-windows-ix86+x86_64, r-oldrel-windows-ix86+x86_64

Version: 1.1.1
Check: re-building of vignette outputs
Result: WARN
    Error(s) in re-building vignettes:
     ...
    --- re-building ‘cycling_data_analysis.Rmd’ using rmarkdown
    Warning in engine$weave(file, quiet = quiet, encoding = enc) :
     Pandoc (>= 1.12.3) and/or pandoc-citeproc not available. Falling back to R Markdown v1.
    Quitting from lines 177-179 (cycling_data_analysis.Rmd)
    Error: processing vignette 'cycling_data_analysis.Rmd' failed with diagnostics:
    cannot open the connection
    --- failed re-building ‘cycling_data_analysis.Rmd’
    
    SUMMARY: processing the following file failed:
     ‘cycling_data_analysis.Rmd’
    
    Error: Vignette re-building failed.
    Execution halted
Flavor: r-oldrel-macos-x86_64