CRAN Package Check Results for Package dataMeta

Last updated on 2021-09-26 06:49:04 CEST.

Flavor Version Tinstall Tcheck Ttotal Status Flags
r-devel-linux-x86_64-debian-clang 0.1.1 2.24 27.62 29.86 NOTE
r-devel-linux-x86_64-debian-gcc 0.1.1 1.62 21.83 23.45 NOTE
r-devel-linux-x86_64-fedora-clang 0.1.1 44.90 NOTE
r-devel-linux-x86_64-fedora-gcc 0.1.1 34.50 NOTE
r-devel-windows-x86_64 0.1.1 3.00 36.00 39.00 OK
r-devel-windows-x86_64-gcc10-UCRT 0.1.1 OK
r-patched-linux-x86_64 0.1.1 2.29 25.81 28.10 NOTE
r-patched-solaris-x86 0.1.1 51.80 NOTE
r-release-linux-x86_64 0.1.1 2.16 26.13 28.29 NOTE
r-release-macos-arm64 0.1.1 OK
r-release-macos-x86_64 0.1.1 OK
r-release-windows-ix86+x86_64 0.1.1 6.00 34.00 40.00 OK
r-oldrel-macos-x86_64 0.1.1 OK
r-oldrel-windows-ix86+x86_64 0.1.1 5.00 33.00 38.00 OK

Check Details

Version: 0.1.1
Check: for non-standard things in the check directory
Result: NOTE
    Found the following files/directories:
     'my new data set.rds'
Flavors: r-devel-linux-x86_64-debian-clang, r-devel-linux-x86_64-debian-gcc, r-devel-linux-x86_64-fedora-clang, r-devel-linux-x86_64-fedora-gcc, r-patched-linux-x86_64, r-patched-solaris-x86, r-release-linux-x86_64