CRAN Package Check Results for Package dataRetrieval

Last updated on 2021-09-21 06:48:17 CEST.

Flavor Version Tinstall Tcheck Ttotal Status Flags
r-devel-linux-x86_64-debian-clang 2.7.10 5.83 106.61 112.44 OK
r-devel-linux-x86_64-debian-gcc 2.7.10 6.06 80.62 86.68 OK
r-devel-linux-x86_64-fedora-clang 2.7.10 141.85 OK
r-devel-linux-x86_64-fedora-gcc 2.7.10 130.94 OK
r-devel-windows-x86_64 2.7.10 11.00 133.00 144.00 OK
r-devel-windows-x86_64-gcc10-UCRT 2.7.10 ERROR
r-patched-linux-x86_64 2.7.10 9.07 104.46 113.53 OK
r-patched-solaris-x86 2.7.10 203.90 OK
r-release-linux-x86_64 2.7.10 7.38 104.58 111.96 OK
r-release-macos-arm64 2.7.10 OK
r-release-macos-x86_64 2.7.10 OK
r-release-windows-ix86+x86_64 2.7.10 19.00 146.00 165.00 OK
r-oldrel-macos-x86_64 2.7.10 OK
r-oldrel-windows-ix86+x86_64 2.7.10 17.00 149.00 166.00 OK

Check Details

Version: 2.7.10
Check: whether package can be installed
Result: WARN
    Found the following significant warnings:
     WARNING: installation-time patches will not be applied, could not get the patches index
Flavor: r-devel-windows-x86_64-gcc10-UCRT

Version: 2.7.10
Check: PDF version of manual
Result: WARN
    LaTeX errors when creating PDF version.
    This typically indicates Rd problems.
Flavor: r-devel-windows-x86_64-gcc10-UCRT

Version: 2.7.10
Check: PDF version of manual without hyperrefs or index
Result: ERROR
    Re-running with no redirection of stdout/stderr.
Flavor: r-devel-windows-x86_64-gcc10-UCRT