CRAN Package Check Results for Package datapack

Last updated on 2021-09-20 07:50:27 CEST.

Flavor Version Tinstall Tcheck Ttotal Status Flags
r-devel-linux-x86_64-debian-clang 1.4.0 8.80 64.02 72.82 NOTE
r-devel-linux-x86_64-debian-gcc 1.4.0 7.24 49.42 56.66 NOTE
r-devel-linux-x86_64-fedora-clang 1.4.0 95.50 NOTE
r-devel-linux-x86_64-fedora-gcc 1.4.0 84.09 NOTE
r-devel-windows-x86_64 1.4.0 13.00 69.00 82.00 NOTE
r-devel-windows-x86_64-gcc10-UCRT 1.4.0 ERROR
r-patched-linux-x86_64 1.4.0 8.75 61.32 70.07 NOTE
r-patched-solaris-x86 1.4.0 118.30 NOTE
r-release-linux-x86_64 1.4.0 8.32 62.21 70.53 NOTE
r-release-macos-arm64 1.4.0 NOTE
r-release-macos-x86_64 1.4.0 NOTE
r-release-windows-ix86+x86_64 1.4.0 18.00 68.00 86.00 NOTE
r-oldrel-macos-x86_64 1.4.0 OK
r-oldrel-windows-ix86+x86_64 1.4.0 18.00 91.00 109.00 OK

Check Details

Version: 1.4.0
Check: LazyData
Result: NOTE
     'LazyData' is specified without a 'data' directory
Flavors: r-devel-linux-x86_64-debian-clang, r-devel-linux-x86_64-debian-gcc, r-devel-linux-x86_64-fedora-clang, r-devel-linux-x86_64-fedora-gcc, r-devel-windows-x86_64, r-patched-linux-x86_64, r-patched-solaris-x86, r-release-linux-x86_64, r-release-macos-arm64, r-release-macos-x86_64, r-release-windows-ix86+x86_64

Version: 1.4.0
Check: package dependencies
Result: ERROR
    Package required but not available: 'XML'
    
    See section 'The DESCRIPTION file' in the 'Writing R Extensions'
    manual.
Flavor: r-devel-windows-x86_64-gcc10-UCRT