CRAN Package Check Results for Package dataspice

Last updated on 2021-09-22 06:48:21 CEST.

Flavor Version Tinstall Tcheck Ttotal Status Flags
r-devel-linux-x86_64-debian-clang 1.1.0 6.44 75.83 82.27 OK
r-devel-linux-x86_64-debian-gcc 1.1.0 4.97 58.23 63.20 OK
r-devel-linux-x86_64-fedora-clang 1.1.0 104.41 OK
r-devel-linux-x86_64-fedora-gcc 1.1.0 93.38 OK
r-devel-windows-x86_64 1.1.0 8.00 75.00 83.00 ERROR
r-devel-windows-x86_64-gcc10-UCRT 1.1.0 ERROR
r-patched-linux-x86_64 1.1.0 5.82 70.14 75.96 OK
r-patched-solaris-x86 1.1.0 112.80 OK
r-release-linux-x86_64 1.1.0 4.79 71.24 76.03 OK
r-release-macos-arm64 1.1.0 OK
r-release-macos-x86_64 1.1.0 OK
r-release-windows-ix86+x86_64 1.1.0 15.00 77.00 92.00 ERROR
r-oldrel-macos-x86_64 1.1.0 OK
r-oldrel-windows-ix86+x86_64 1.1.0 17.00 112.00 129.00 ERROR

Check Details

Version: 1.1.0
Check: tests
Result: ERROR
     Running 'testthat.R' [17s]
    Running the tests in 'tests/testthat.R' failed.
    Complete output:
     > library(testthat)
     > library(dataspice)
     >
     > test_check("dataspice")
     == Failed tests ================================================================
     -- Error (test-prep_access.R:38:3): prep_access works correctly ----------------
     Error: Cannot open file for writing:
     * 'D:\temp\RtmpYzZlRu\data\metadata\access.csv'
     Backtrace:
     x
     1. \-dataspice::prep_access() test-prep_access.R:38:2
     2. \-readr::write_csv(access, access_path)
     3. \-readr::write_delim(...)
     4. \-vroom::vroom_write(...)
     5. \-vroom:::vroom_write_(...)
     -- Error (test-prep_attributes.R:35:3): attributes-not-overwritten-for-same-file --
     Error: Cannot open file for writing:
     * 'D:\temp\RtmpYzZlRu\metadata\attributes.csv'
     Backtrace:
     x
     1. +-testthat::expect_warning(...) test-prep_attributes.R:35:2
     2. | \-testthat:::quasi_capture(enquo(object), label, capture_warnings)
     3. | +-testthat:::.capture(...)
     4. | | \-base::withCallingHandlers(...)
     5. | \-rlang::eval_bare(quo_get_expr(.quo), quo_get_env(.quo))
     6. \-dataspice::prep_attributes(data_path, attributes_path)
     7. \-readr::write_csv(attributes, attributes_path)
     8. \-readr::write_delim(...)
     9. \-vroom::vroom_write(...)
     10. \-vroom:::vroom_write_(...)
     -- Error (test-prep_attributes.R:47:3): second-file-updates-correctly ----------
     Error: Cannot open file for writing:
     * 'D:\temp\RtmpYzZlRu\metadata\attributes.csv'
     Backtrace:
     x
     1. +-testthat::expect_message(...) test-prep_attributes.R:47:2
     2. | \-testthat:::quasi_capture(enquo(object), label, capture_messages)
     3. | +-testthat:::.capture(...)
     4. | | \-base::withCallingHandlers(...)
     5. | \-rlang::eval_bare(quo_get_expr(.quo), quo_get_env(.quo))
     6. \-dataspice::prep_attributes(data_path, attributes_path)
     7. \-readr::write_csv(attributes, attributes_path)
     8. \-readr::write_delim(...)
     9. \-vroom::vroom_write(...)
     10. \-vroom:::vroom_write_(...)
    
     [ FAIL 3 | WARN 2 | SKIP 0 | PASS 73 ]
     Error: Test failures
     Execution halted
Flavor: r-devel-windows-x86_64

Version: 1.1.0
Check: package dependencies
Result: ERROR
    Package required but not available: 'EML'
    
    Package suggested but not available for checking: 'kableExtra'
    
    See section 'The DESCRIPTION file' in the 'Writing R Extensions'
    manual.
Flavor: r-devel-windows-x86_64-gcc10-UCRT

Version: 1.1.0
Check: tests
Result: ERROR
     Running 'testthat.R' [20s]
    Running the tests in 'tests/testthat.R' failed.
    Complete output:
     > library(testthat)
     > library(dataspice)
     >
     > test_check("dataspice")
     == Failed tests ================================================================
     -- Error (test-prep_access.R:38:3): prep_access works correctly ----------------
     Error: Cannot open file for writing:
     * 'D:\temp\Rtmp8kuSrX\data\metadata\access.csv'
     Backtrace:
     x
     1. \-dataspice::prep_access() test-prep_access.R:38:2
     2. \-readr::write_csv(access, access_path)
     3. \-readr::write_delim(...)
     4. \-vroom::vroom_write(...)
     5. \-vroom:::vroom_write_(...)
     -- Error (test-prep_attributes.R:35:3): attributes-not-overwritten-for-same-file --
     Error: Cannot open file for writing:
     * 'D:\temp\Rtmp8kuSrX\metadata\attributes.csv'
     Backtrace:
     x
     1. +-testthat::expect_warning(...) test-prep_attributes.R:35:2
     2. | \-testthat:::quasi_capture(enquo(object), label, capture_warnings)
     3. | +-testthat:::.capture(...)
     4. | | \-base::withCallingHandlers(...)
     5. | \-rlang::eval_bare(quo_get_expr(.quo), quo_get_env(.quo))
     6. \-dataspice::prep_attributes(data_path, attributes_path)
     7. \-readr::write_csv(attributes, attributes_path)
     8. \-readr::write_delim(...)
     9. \-vroom::vroom_write(...)
     10. \-vroom:::vroom_write_(...)
     -- Error (test-prep_attributes.R:47:3): second-file-updates-correctly ----------
     Error: Cannot open file for writing:
     * 'D:\temp\Rtmp8kuSrX\metadata\attributes.csv'
     Backtrace:
     x
     1. +-testthat::expect_message(...) test-prep_attributes.R:47:2
     2. | \-testthat:::quasi_capture(enquo(object), label, capture_messages)
     3. | +-testthat:::.capture(...)
     4. | | \-base::withCallingHandlers(...)
     5. | \-rlang::eval_bare(quo_get_expr(.quo), quo_get_env(.quo))
     6. \-dataspice::prep_attributes(data_path, attributes_path)
     7. \-readr::write_csv(attributes, attributes_path)
     8. \-readr::write_delim(...)
     9. \-vroom::vroom_write(...)
     10. \-vroom:::vroom_write_(...)
    
     [ FAIL 3 | WARN 2 | SKIP 0 | PASS 73 ]
     Error: Test failures
     Execution halted
Flavor: r-release-windows-ix86+x86_64

Version: 1.1.0
Check: tests
Result: ERROR
     Running 'testthat.R' [26s]
    Running the tests in 'tests/testthat.R' failed.
    Complete output:
     > library(testthat)
     > library(dataspice)
     >
     > test_check("dataspice")
     == Failed tests ================================================================
     -- Error (test-prep_access.R:38:3): prep_access works correctly ----------------
     Error: Cannot open file for writing:
     * 'D:\temp\RtmpqQDhVG\data\metadata\access.csv'
     Backtrace:
     x
     1. \-dataspice::prep_access() test-prep_access.R:38:2
     2. \-readr::write_csv(access, access_path)
     3. \-readr::write_delim(...)
     4. \-vroom::vroom_write(...)
     5. \-vroom:::vroom_write_(...)
     -- Error (test-prep_attributes.R:35:3): attributes-not-overwritten-for-same-file --
     Error: Cannot open file for writing:
     * 'D:\temp\RtmpqQDhVG\metadata\attributes.csv'
     Backtrace:
     x
     1. +-testthat::expect_warning(...) test-prep_attributes.R:35:2
     2. | \-testthat:::quasi_capture(enquo(object), label, capture_warnings)
     3. | +-testthat:::.capture(...)
     4. | | \-base::withCallingHandlers(...)
     5. | \-rlang::eval_bare(quo_get_expr(.quo), quo_get_env(.quo))
     6. \-dataspice::prep_attributes(data_path, attributes_path)
     7. \-readr::write_csv(attributes, attributes_path)
     8. \-readr::write_delim(...)
     9. \-vroom::vroom_write(...)
     10. \-vroom:::vroom_write_(...)
     -- Error (test-prep_attributes.R:47:3): second-file-updates-correctly ----------
     Error: Cannot open file for writing:
     * 'D:\temp\RtmpqQDhVG\metadata\attributes.csv'
     Backtrace:
     x
     1. +-testthat::expect_message(...) test-prep_attributes.R:47:2
     2. | \-testthat:::quasi_capture(enquo(object), label, capture_messages)
     3. | +-testthat:::.capture(...)
     4. | | \-base::withCallingHandlers(...)
     5. | \-rlang::eval_bare(quo_get_expr(.quo), quo_get_env(.quo))
     6. \-dataspice::prep_attributes(data_path, attributes_path)
     7. \-readr::write_csv(attributes, attributes_path)
     8. \-readr::write_delim(...)
     9. \-vroom::vroom_write(...)
     10. \-vroom:::vroom_write_(...)
     -- Error (test-prep_attributes.R:60:1): (code run outside of `test_that()`) ----
     Error: Cannot open file for writing:
     * 'D:\temp\RtmpqQDhVG\metadata\attributes.csv'
     Backtrace:
     x
     1. +-readr::read_csv(attributes_path)[0, ] %>% readr::write_csv(attributes_path) test-prep_attributes.R:60:0
     2. \-readr::write_csv(., attributes_path)
     3. \-readr::write_delim(...)
     4. \-vroom::vroom_write(...)
     5. \-vroom:::vroom_write_(...)
    
     [ FAIL 4 | WARN 0 | SKIP 0 | PASS 69 ]
     Error: Test failures
     Execution halted
Flavor: r-oldrel-windows-ix86+x86_64