CRAN Package Check Results for Package daterangepicker

Last updated on 2021-09-22 06:48:21 CEST.

Flavor Version Tinstall Tcheck Ttotal Status Flags
r-devel-linux-x86_64-debian-clang 0.1.0 3.37 35.14 38.51 OK
r-devel-linux-x86_64-debian-gcc 0.1.0 2.76 27.66 30.42 OK
r-devel-linux-x86_64-fedora-clang 0.1.0 55.58 OK
r-devel-linux-x86_64-fedora-gcc 0.1.0 44.81 OK
r-devel-windows-x86_64 0.1.0 5.00 44.00 49.00 OK
r-devel-windows-x86_64-gcc10-UCRT 0.1.0 ERROR
r-patched-linux-x86_64 0.1.0 3.53 34.07 37.60 OK
r-patched-solaris-x86 0.1.0 72.20 OK
r-release-linux-x86_64 0.1.0 2.94 34.05 36.99 OK
r-release-macos-arm64 0.1.0 OK
r-release-macos-x86_64 0.1.0 OK
r-release-windows-ix86+x86_64 0.1.0 8.00 44.00 52.00 OK
r-oldrel-macos-x86_64 0.1.0 OK
r-oldrel-windows-ix86+x86_64 0.1.0 10.00 46.00 56.00 OK

Check Details

Version: 0.1.0
Check: PDF version of manual
Result: WARN
    LaTeX errors when creating PDF version.
    This typically indicates Rd problems.
Flavor: r-devel-windows-x86_64-gcc10-UCRT

Version: 0.1.0
Check: PDF version of manual without hyperrefs or index
Result: ERROR
    Re-running with no redirection of stdout/stderr.
Flavor: r-devel-windows-x86_64-gcc10-UCRT