CRAN Package Check Results for Package datos

Last updated on 2021-10-21 12:57:57 CEST.

Flavor Version Tinstall Tcheck Ttotal Status Flags
r-devel-linux-x86_64-debian-clang 0.3.0 5.46 99.17 104.63 OK
r-devel-linux-x86_64-debian-gcc 0.3.0 4.49 78.23 82.72 OK
r-devel-linux-x86_64-fedora-clang 0.3.0 137.77 NOTE
r-devel-linux-x86_64-fedora-gcc 0.3.0 124.91 NOTE
r-devel-windows-x86_64 0.3.0 11.00 130.00 141.00 OK
r-devel-windows-x86_64-gcc10-UCRT 0.3.0 NOTE
r-patched-linux-x86_64 0.3.0 5.50 93.74 99.24 OK
r-patched-solaris-x86 0.3.0 200.30 NOTE
r-release-linux-x86_64 0.3.0 3.73 92.90 96.63 OK
r-release-macos-arm64 0.3.0 NOTE
r-release-macos-x86_64 0.3.0 NOTE
r-release-windows-ix86+x86_64 0.3.0 17.00 128.00 145.00 OK
r-oldrel-macos-x86_64 0.3.0 NOTE
r-oldrel-windows-ix86+x86_64 0.3.0 15.00 136.00 151.00 OK

Check Details

Version: 0.3.0
Check: data for non-ASCII characters
Result: NOTE
     Note: found 54313 marked UTF-8 strings
Flavors: r-devel-linux-x86_64-fedora-clang, r-devel-linux-x86_64-fedora-gcc, r-devel-windows-x86_64-gcc10-UCRT, r-patched-solaris-x86, r-release-macos-arm64, r-release-macos-x86_64, r-oldrel-macos-x86_64