CRAN Package Check Results for Package dave

Last updated on 2021-09-20 07:50:27 CEST.

Flavor Version Tinstall Tcheck Ttotal Status Flags
r-devel-linux-x86_64-debian-clang 2.0 14.29 101.91 116.20 OK
r-devel-linux-x86_64-debian-gcc 2.0 10.94 77.58 88.52 OK
r-devel-linux-x86_64-fedora-clang 2.0 146.29 OK
r-devel-linux-x86_64-fedora-gcc 2.0 137.96 OK
r-devel-windows-x86_64 2.0 13.00 102.00 115.00 OK
r-devel-windows-x86_64-gcc10-UCRT 2.0 ERROR
r-patched-linux-x86_64 2.0 16.29 98.71 115.00 OK
r-patched-solaris-x86 2.0 195.10 OK
r-release-linux-x86_64 2.0 12.90 98.74 111.64 OK
r-release-macos-arm64 2.0 OK
r-release-macos-x86_64 2.0 OK
r-release-windows-ix86+x86_64 2.0 26.00 108.00 134.00 OK
r-oldrel-macos-x86_64 2.0 OK
r-oldrel-windows-ix86+x86_64 2.0 26.00 109.00 135.00 OK

Check Details

Version: 2.0
Check: whether package can be installed
Result: WARN
    Found the following significant warnings:
     WARNING: installation-time patches will not be applied, could not get the patches index
Flavor: r-devel-windows-x86_64-gcc10-UCRT

Version: 2.0
Check: PDF version of manual
Result: WARN
    LaTeX errors when creating PDF version.
    This typically indicates Rd problems.
Flavor: r-devel-windows-x86_64-gcc10-UCRT

Version: 2.0
Check: PDF version of manual without hyperrefs or index
Result: ERROR
    Re-running with no redirection of stdout/stderr.
Flavor: r-devel-windows-x86_64-gcc10-UCRT