CRAN Package Check Results for Package daymetr

Last updated on 2021-09-22 06:48:21 CEST.

Flavor Version Tinstall Tcheck Ttotal Status Flags
r-devel-linux-x86_64-debian-clang 1.5 2.96 47.86 50.82 OK
r-devel-linux-x86_64-debian-gcc 1.5 2.25 36.84 39.09 ERROR
r-devel-linux-x86_64-fedora-clang 1.5 67.56 OK
r-devel-linux-x86_64-fedora-gcc 1.5 57.63 OK
r-devel-windows-x86_64 1.5 4.00 53.00 57.00 OK
r-devel-windows-x86_64-gcc10-UCRT 1.5 ERROR
r-patched-linux-x86_64 1.5 3.09 44.88 47.97 OK
r-patched-solaris-x86 1.5 83.70 OK
r-release-linux-x86_64 1.5 2.01 45.52 47.53 OK
r-release-macos-arm64 1.5 OK
r-release-macos-x86_64 1.5 OK
r-release-windows-ix86+x86_64 1.5 6.00 48.00 54.00 OK
r-oldrel-macos-x86_64 1.5 OK
r-oldrel-windows-ix86+x86_64 1.5 7.00 75.00 82.00 OK

Check Details

Version: 1.5
Check: tests
Result: ERROR
     Running ‘testthat.r’ [1s/12s]
    Running the tests in ‘tests/testthat.r’ failed.
    Complete output:
     > # Run all unit tests
     >
     > # This is a wrapper around all the tests specified
     > # in the tests/testthat directory. These tests are visible
     > # to users and serve as small examples as well.
     > testthat::test_check("daymetr")
     Loading required package: daymetr
     ══ Skipped tests ═══════════════════════════════════════════════════════════════
     • On CRAN (15)
    
     ══ Failed tests ════════════════════════════════════════════════════════════════
     ── Error (test_ancillary_functions.r:34:3): check server uptime ────────────────
     Error: Timeout was reached: [thredds.daac.ornl.gov] Connection timed out after 10000 milliseconds
     Backtrace:
     █
     1. ├─testthat::expect_true(daymetr:::daymet_running("https://thredds.daac.ornl.gov")) test_ancillary_functions.r:34:2
     2. │ └─testthat::quasi_label(enquo(object), label, arg = "object")
     3. │ └─rlang::eval_bare(expr, quo_get_env(quo))
     4. └─daymetr:::daymet_running("https://thredds.daac.ornl.gov")
     5. └─httr::GET(url)
     6. └─httr:::request_perform(req, hu$handle$handle)
     7. ├─httr:::request_fetch(req$output, req$url, handle)
     8. └─httr:::request_fetch.write_memory(req$output, req$url, handle)
     9. └─curl::curl_fetch_memory(url, handle = handle)
    
     [ FAIL 1 | WARN 0 | SKIP 15 | PASS 0 ]
     Error: Test failures
     Execution halted
Flavor: r-devel-linux-x86_64-debian-gcc

Version: 1.5
Check: package dependencies
Result: ERROR
    Package required but not available: 'sf'
    
    Package suggested but not available for checking: 'rgdal'
    
    See section 'The DESCRIPTION file' in the 'Writing R Extensions'
    manual.
Flavor: r-devel-windows-x86_64-gcc10-UCRT