CRAN Package Check Results for Package dblcens

Last updated on 2021-09-25 06:49:16 CEST.

Flavor Version Tinstall Tcheck Ttotal Status Flags
r-devel-linux-x86_64-debian-clang 1.1.7 3.83 23.19 27.02 OK
r-devel-linux-x86_64-debian-gcc 1.1.7 2.79 18.00 20.79 OK
r-devel-linux-x86_64-fedora-clang 1.1.7 42.12 NOTE
r-devel-linux-x86_64-fedora-gcc 1.1.7 30.98 NOTE
r-devel-windows-x86_64 1.1.7 6.00 29.00 35.00 OK
r-devel-windows-x86_64-gcc10-UCRT 1.1.7 OK
r-patched-linux-x86_64 1.1.7 3.75 22.55 26.30 OK
r-patched-solaris-x86 1.1.7 50.90 OK
r-release-linux-x86_64 1.1.7 3.33 22.46 25.79 OK
r-release-macos-arm64 1.1.7 OK
r-release-macos-x86_64 1.1.7 OK
r-release-windows-ix86+x86_64 1.1.7 10.00 30.00 40.00 OK
r-oldrel-macos-x86_64 1.1.7 OK
r-oldrel-windows-ix86+x86_64 1.1.7 10.00 31.00 41.00 OK

Check Details

Version: 1.1.7
Check: compiled code
Result: NOTE
    File ‘dblcens/libs/dblcens.so’:
     Found no calls to: ‘R_registerRoutines’, ‘R_useDynamicSymbols’
    
    It is good practice to register native routines and to disable symbol
    search.
    
    See ‘Writing portable packages’ in the ‘Writing R Extensions’ manual.
Flavors: r-devel-linux-x86_64-fedora-clang, r-devel-linux-x86_64-fedora-gcc