CRAN Package Check Results for Package dcGOR

Last updated on 2021-09-17 06:48:41 CEST.

Flavor Version Tinstall Tcheck Ttotal Status Flags
r-devel-linux-x86_64-debian-clang 1.0.6 22.27 173.96 196.23 OK
r-devel-linux-x86_64-debian-gcc 1.0.6 19.03 129.67 148.70 OK
r-devel-linux-x86_64-fedora-clang 1.0.6 243.31 NOTE
r-devel-linux-x86_64-fedora-gcc 1.0.6 232.48 OK
r-devel-windows-x86_64 1.0.6 29.00 212.00 241.00 NOTE
r-devel-windows-x86_64-gcc10-UCRT 1.0.6 NOTE
r-patched-linux-x86_64 1.0.6 21.26 162.78 184.04 OK
r-patched-solaris-x86 1.0.6 319.90 NOTE
r-release-linux-x86_64 1.0.6 21.74 164.47 186.21 OK
r-release-macos-arm64 1.0.6 ERROR
r-release-macos-x86_64 1.0.6 NOTE
r-release-windows-ix86+x86_64 1.0.6 47.00 174.00 221.00 NOTE
r-oldrel-macos-x86_64 1.0.6 NOTE
r-oldrel-windows-ix86+x86_64 1.0.6 31.00 196.00 227.00 NOTE

Check Details

Version: 1.0.6
Check: installed package size
Result: NOTE
     installed size is 5.4Mb
     sub-directories of 1Mb or more:
     data 4.1Mb
Flavors: r-devel-linux-x86_64-fedora-clang, r-devel-windows-x86_64, r-patched-solaris-x86, r-release-macos-x86_64, r-release-windows-ix86+x86_64, r-oldrel-macos-x86_64, r-oldrel-windows-ix86+x86_64

Version: 1.0.6
Check: package dependencies
Result: NOTE
    Package suggested but not available for checking: 'doMC'
Flavors: r-devel-windows-x86_64, r-devel-windows-x86_64-gcc10-UCRT, r-release-windows-ix86+x86_64, r-oldrel-windows-ix86+x86_64

Version: 1.0.6
Check: package dependencies
Result: ERROR
    Package required but not available: ‘dnet’
    
    See section ‘The DESCRIPTION file’ in the ‘Writing R Extensions’
    manual.
Flavor: r-release-macos-arm64