CRAN Package Check Results for Package ddi

Last updated on 2021-09-22 06:48:21 CEST.

Flavor Version Tinstall Tcheck Ttotal Status Flags
r-devel-linux-x86_64-debian-clang 0.1.0 1.80 23.22 25.02 OK
r-devel-linux-x86_64-debian-gcc 0.1.0 1.37 18.56 19.93 OK
r-devel-linux-x86_64-fedora-clang 0.1.0 39.86 OK
r-devel-linux-x86_64-fedora-gcc 0.1.0 29.15 OK
r-devel-windows-x86_64 0.1.0 3.00 30.00 33.00 OK
r-devel-windows-x86_64-gcc10-UCRT 0.1.0 ERROR
r-patched-linux-x86_64 0.1.0 1.69 22.32 24.01 OK
r-patched-solaris-x86 0.1.0 45.40 OK
r-release-linux-x86_64 0.1.0 1.79 22.25 24.04 OK
r-release-macos-arm64 0.1.0 OK
r-release-macos-x86_64 0.1.0 OK
r-release-windows-ix86+x86_64 0.1.0 4.00 29.00 33.00 OK
r-oldrel-macos-x86_64 0.1.0 OK
r-oldrel-windows-ix86+x86_64 0.1.0 4.00 32.00 36.00 OK

Check Details

Version: 0.1.0
Check: PDF version of manual
Result: WARN
    LaTeX errors when creating PDF version.
    This typically indicates Rd problems.
Flavor: r-devel-windows-x86_64-gcc10-UCRT

Version: 0.1.0
Check: PDF version of manual without hyperrefs or index
Result: ERROR
    Re-running with no redirection of stdout/stderr.
Flavor: r-devel-windows-x86_64-gcc10-UCRT