CRAN Package Check Results for Package deTestSet

Last updated on 2021-09-21 06:48:18 CEST.

Flavor Version Tinstall Tcheck Ttotal Status Flags
r-devel-linux-x86_64-debian-clang 1.1.7.2 30.87 80.68 111.55 NOTE
r-devel-linux-x86_64-debian-gcc 1.1.7.2 26.58 59.73 86.31 NOTE
r-devel-linux-x86_64-fedora-clang 1.1.7.2 151.46 NOTE
r-devel-linux-x86_64-fedora-gcc 1.1.7.2 140.17 NOTE
r-devel-windows-x86_64 1.1.7.2 44.00 90.00 134.00 NOTE
r-devel-windows-x86_64-gcc10-UCRT 1.1.7.2 ERROR
r-patched-linux-x86_64 1.1.7.2 30.20 79.75 109.95 NOTE
r-patched-solaris-x86 1.1.7.2 275.00 NOTE
r-release-linux-x86_64 1.1.7.2 27.63 80.11 107.74 NOTE
r-release-macos-arm64 1.1.7.2 NOTE
r-release-macos-x86_64 1.1.7.2 NOTE
r-release-windows-ix86+x86_64 1.1.7.2 92.00 111.00 203.00 NOTE
r-oldrel-macos-x86_64 1.1.7.2 OK
r-oldrel-windows-ix86+x86_64 1.1.7.2 94.00 110.00 204.00 OK

Check Details

Version: 1.1.7.2
Check: LazyData
Result: NOTE
     'LazyData' is specified without a 'data' directory
Flavors: r-devel-linux-x86_64-debian-clang, r-devel-linux-x86_64-debian-gcc, r-devel-linux-x86_64-fedora-clang, r-devel-linux-x86_64-fedora-gcc, r-devel-windows-x86_64, r-patched-linux-x86_64, r-patched-solaris-x86, r-release-linux-x86_64, r-release-macos-arm64, r-release-macos-x86_64, r-release-windows-ix86+x86_64

Version: 1.1.7.2
Check: whether package can be installed
Result: ERROR
    Installation failed.
Flavor: r-devel-windows-x86_64-gcc10-UCRT