CRAN Package Check Results for Package dendrometeR

Last updated on 2021-09-20 07:50:27 CEST.

Flavor Version Tinstall Tcheck Ttotal Status Flags
r-devel-linux-x86_64-debian-clang 1.0.0 8.68 86.13 94.81 OK
r-devel-linux-x86_64-debian-gcc 1.0.0 7.30 64.34 71.64 OK
r-devel-linux-x86_64-fedora-clang 1.0.0 119.80 OK
r-devel-linux-x86_64-fedora-gcc 1.0.0 109.36 OK
r-devel-windows-x86_64 1.0.0 9.00 100.00 109.00 OK
r-devel-windows-x86_64-gcc10-UCRT 1.0.0 ERROR
r-patched-linux-x86_64 1.0.0 11.31 79.32 90.63 OK
r-patched-solaris-x86 1.0.0 197.50 OK
r-release-linux-x86_64 1.0.0 7.46 78.94 86.40 OK
r-release-macos-arm64 1.0.0 OK
r-release-macos-x86_64 1.0.0 OK
r-release-windows-ix86+x86_64 1.0.0 19.00 103.00 122.00 OK
r-oldrel-macos-x86_64 1.0.0 OK
r-oldrel-windows-ix86+x86_64 1.0.0 20.00 140.00 160.00 OK

Check Details

Version: 1.0.0
Check: whether package can be installed
Result: WARN
    Found the following significant warnings:
     WARNING: installation-time patches will not be applied, could not get the patches index
Flavor: r-devel-windows-x86_64-gcc10-UCRT

Version: 1.0.0
Check: PDF version of manual
Result: WARN
    LaTeX errors when creating PDF version.
    This typically indicates Rd problems.
Flavor: r-devel-windows-x86_64-gcc10-UCRT

Version: 1.0.0
Check: PDF version of manual without hyperrefs or index
Result: ERROR
    Re-running with no redirection of stdout/stderr.
Flavor: r-devel-windows-x86_64-gcc10-UCRT