CRAN Package Check Results for Package describedata

Last updated on 2021-09-18 09:53:21 CEST.

Flavor Version Tinstall Tcheck Ttotal Status Flags
r-devel-linux-x86_64-debian-clang 0.1.0 6.14 66.03 72.17 NOTE
r-devel-linux-x86_64-debian-gcc 0.1.0 4.94 49.05 53.99 NOTE
r-devel-linux-x86_64-fedora-clang 0.1.0 93.19 NOTE
r-devel-linux-x86_64-fedora-gcc 0.1.0 81.49 NOTE
r-devel-windows-x86_64 0.1.0 7.00 91.00 98.00 NOTE
r-devel-windows-x86_64-gcc10-UCRT 0.1.0 NOTE
r-patched-linux-x86_64 0.1.0 5.89 60.90 66.79 NOTE
r-patched-solaris-x86 0.1.0 115.00 NOTE
r-release-linux-x86_64 0.1.0 5.88 61.55 67.43 NOTE
r-release-macos-arm64 0.1.0 NOTE
r-release-macos-x86_64 0.1.0 NOTE
r-release-windows-ix86+x86_64 0.1.0 15.00 71.00 86.00 NOTE
r-oldrel-macos-x86_64 0.1.0 OK
r-oldrel-windows-ix86+x86_64 0.1.0 16.00 68.00 84.00 OK

Check Details

Version: 0.1.0
Check: LazyData
Result: NOTE
     'LazyData' is specified without a 'data' directory
Flavors: r-devel-linux-x86_64-debian-clang, r-devel-linux-x86_64-debian-gcc, r-devel-linux-x86_64-fedora-clang, r-devel-linux-x86_64-fedora-gcc, r-devel-windows-x86_64, r-devel-windows-x86_64-gcc10-UCRT, r-patched-linux-x86_64, r-patched-solaris-x86, r-release-linux-x86_64, r-release-macos-arm64, r-release-macos-x86_64, r-release-windows-ix86+x86_64