Last updated on 2023-01-28 02:57:16 CET.
Flavor | Version | Tinstall | Tcheck | Ttotal | Status | Flags |
---|---|---|---|---|---|---|
r-devel-linux-x86_64-debian-clang | 0.3.0 | 7.87 | 75.77 | 83.64 | OK | |
r-devel-linux-x86_64-debian-gcc | 0.3.0 | 5.48 | 56.31 | 61.79 | OK | |
r-devel-linux-x86_64-fedora-clang | 0.3.0 | 101.90 | NOTE | |||
r-devel-linux-x86_64-fedora-gcc | 0.3.0 | 110.89 | OK | |||
r-devel-windows-x86_64 | 0.3.0 | 30.00 | 111.00 | 141.00 | OK | |
r-patched-linux-x86_64 | 0.3.0 | 12.47 | 71.95 | 84.42 | OK | |
r-release-linux-x86_64 | 0.3.0 | 6.01 | 68.07 | 74.08 | OK | |
r-release-macos-arm64 | 0.3.0 | 35.00 | OK | |||
r-release-macos-x86_64 | 0.3.0 | 68.00 | OK | |||
r-release-windows-x86_64 | 0.3.0 | 45.00 | 113.00 | 158.00 | OK | |
r-oldrel-macos-arm64 | 0.3.0 | 29.00 | OK | |||
r-oldrel-macos-x86_64 | 0.3.0 | 62.00 | OK | |||
r-oldrel-windows-ix86+x86_64 | 0.3.0 | 17.00 | 100.00 | 117.00 | OK |
Version: 0.3.0
Check: Rd cross-references
Result: NOTE
Undeclared package ‘htmlwidgets’ in Rd xrefs
Flavor: r-devel-linux-x86_64-fedora-clang