CRAN Package Check Results for Package details

Last updated on 2021-09-22 06:48:22 CEST.

Flavor Version Tinstall Tcheck Ttotal Status Flags
r-devel-linux-x86_64-debian-clang 0.2.1 3.11 39.35 42.46 OK
r-devel-linux-x86_64-debian-gcc 0.2.1 2.35 30.96 33.31 OK
r-devel-linux-x86_64-fedora-clang 0.2.1 59.21 OK
r-devel-linux-x86_64-fedora-gcc 0.2.1 48.99 OK
r-devel-windows-x86_64 0.2.1 4.00 54.00 58.00 OK
r-devel-windows-x86_64-gcc10-UCRT 0.2.1 ERROR
r-patched-linux-x86_64 0.2.1 2.96 40.31 43.27 OK
r-patched-solaris-x86 0.2.1 81.50 OK
r-release-linux-x86_64 0.2.1 2.95 40.99 43.94 OK
r-release-macos-arm64 0.2.1 OK
r-release-macos-x86_64 0.2.1 OK
r-release-windows-ix86+x86_64 0.2.1 7.00 57.00 64.00 OK
r-oldrel-macos-x86_64 0.2.1 OK
r-oldrel-windows-ix86+x86_64 0.2.1 7.00 85.00 92.00 OK

Check Details

Version: 0.2.1
Check: package dependencies
Result: ERROR
    Packages required but not available: 'png', 'xml2'
    
    See section 'The DESCRIPTION file' in the 'Writing R Extensions'
    manual.
Flavor: r-devel-windows-x86_64-gcc10-UCRT