CRAN Package Check Results for Package devoid

Last updated on 2021-09-21 06:48:18 CEST.

Flavor Version Tinstall Tcheck Ttotal Status Flags
r-devel-linux-x86_64-debian-clang 0.1.1 2.26 19.54 21.80 NOTE
r-devel-linux-x86_64-debian-gcc 0.1.1 1.73 15.54 17.27 NOTE
r-devel-linux-x86_64-fedora-clang 0.1.1 36.17 NOTE
r-devel-linux-x86_64-fedora-gcc 0.1.1 24.89 NOTE
r-devel-windows-x86_64 0.1.1 7.00 25.00 32.00 NOTE
r-devel-windows-x86_64-gcc10-UCRT 0.1.1 ERROR
r-patched-linux-x86_64 0.1.1 2.26 19.03 21.29 NOTE
r-patched-solaris-x86 0.1.1 39.90 NOTE
r-release-linux-x86_64 0.1.1 2.11 19.12 21.23 NOTE
r-release-macos-arm64 0.1.1 NOTE
r-release-macos-x86_64 0.1.1 NOTE
r-release-windows-ix86+x86_64 0.1.1 7.00 30.00 37.00 NOTE
r-oldrel-macos-x86_64 0.1.1 OK
r-oldrel-windows-ix86+x86_64 0.1.1 7.00 30.00 37.00 OK

Check Details

Version: 0.1.1
Check: LazyData
Result: NOTE
     'LazyData' is specified without a 'data' directory
Flavors: r-devel-linux-x86_64-debian-clang, r-devel-linux-x86_64-debian-gcc, r-devel-linux-x86_64-fedora-clang, r-devel-linux-x86_64-fedora-gcc, r-devel-windows-x86_64, r-patched-linux-x86_64, r-patched-solaris-x86, r-release-linux-x86_64, r-release-macos-arm64, r-release-macos-x86_64, r-release-windows-ix86+x86_64

Version: 0.1.1
Check: whether package can be installed
Result: ERROR
    Installation failed.
Flavor: r-devel-windows-x86_64-gcc10-UCRT