CRAN Package Check Results for Package diffeR

Last updated on 2021-09-22 06:48:22 CEST.

Flavor Version Tinstall Tcheck Ttotal Status Flags
r-devel-linux-x86_64-debian-clang 0.0-6 11.11 131.54 142.65 OK
r-devel-linux-x86_64-debian-gcc 0.0-6 9.32 100.89 110.21 OK
r-devel-linux-x86_64-fedora-clang 0.0-6 176.69 OK
r-devel-linux-x86_64-fedora-gcc 0.0-6 166.78 OK
r-devel-windows-x86_64 0.0-6 11.00 115.00 126.00 OK
r-devel-windows-x86_64-gcc10-UCRT 0.0-6 ERROR
r-patched-linux-x86_64 0.0-6 12.59 124.52 137.11 OK
r-patched-solaris-x86 0.0-6 240.00 OK
r-release-linux-x86_64 0.0-6 11.68 124.36 136.04 OK
r-release-macos-arm64 0.0-6 OK
r-release-macos-x86_64 0.0-6 OK
r-release-windows-ix86+x86_64 0.0-6 28.00 112.00 140.00 OK
r-oldrel-macos-x86_64 0.0-6 OK
r-oldrel-windows-ix86+x86_64 0.0-6 28.00 154.00 182.00 OK

Check Details

Version: 0.0-6
Check: package dependencies
Result: ERROR
    Package required but not available: 'rgdal'
    
    See section 'The DESCRIPTION file' in the 'Writing R Extensions'
    manual.
Flavor: r-devel-windows-x86_64-gcc10-UCRT