CRAN Package Check Results for Package dimRed

Last updated on 2021-09-27 06:48:20 CEST.

Flavor Version Tinstall Tcheck Ttotal Status Flags
r-devel-linux-x86_64-debian-clang 0.2.3 24.00 297.25 321.25 NOTE
r-devel-linux-x86_64-debian-gcc 0.2.3 17.37 215.35 232.72 NOTE
r-devel-linux-x86_64-fedora-clang 0.2.3 389.05 NOTE
r-devel-linux-x86_64-fedora-gcc 0.2.3 395.50 NOTE
r-devel-windows-x86_64 0.2.3 24.00 260.00 284.00 NOTE
r-devel-windows-x86_64-gcc10-UCRT 0.2.3 NOTE
r-patched-linux-x86_64 0.2.3 20.00 278.38 298.38 NOTE
r-patched-solaris-x86 0.2.3 478.20 NOTE
r-release-linux-x86_64 0.2.3 20.57 274.61 295.18 NOTE
r-release-macos-arm64 0.2.3 NOTE
r-release-macos-x86_64 0.2.3 NOTE
r-release-windows-ix86+x86_64 0.2.3 43.00 253.00 296.00 NOTE
r-oldrel-macos-x86_64 0.2.3 NOTE
r-oldrel-windows-ix86+x86_64 0.2.3 31.00 257.00 288.00 OK

Check Details

Version: 0.2.3
Check: LazyData
Result: NOTE
     'LazyData' is specified without a 'data' directory
Flavors: r-devel-linux-x86_64-debian-clang, r-devel-linux-x86_64-debian-gcc, r-devel-linux-x86_64-fedora-clang, r-devel-linux-x86_64-fedora-gcc, r-devel-windows-x86_64, r-devel-windows-x86_64-gcc10-UCRT, r-patched-linux-x86_64, r-patched-solaris-x86, r-release-linux-x86_64, r-release-macos-arm64, r-release-macos-x86_64, r-release-windows-ix86+x86_64

Version: 0.2.3
Check: Rd cross-references
Result: NOTE
    Undeclared package ‘CVST’ in Rd xrefs
Flavor: r-devel-linux-x86_64-fedora-clang

Version: 0.2.3
Check: package dependencies
Result: NOTE
    Package suggested but not available for checking: ‘pcaL1’
Flavors: r-release-macos-arm64, r-release-macos-x86_64, r-oldrel-macos-x86_64