CRAN Package Check Results for Package disco

Last updated on 2021-09-19 06:48:54 CEST.

Flavor Version Tinstall Tcheck Ttotal Status Flags
r-devel-linux-x86_64-debian-clang 0.6 7.70 66.39 74.09 OK
r-devel-linux-x86_64-debian-gcc 0.6 5.25 49.27 54.52 OK
r-devel-linux-x86_64-fedora-clang 0.6 94.16 OK
r-devel-linux-x86_64-fedora-gcc 0.6 84.43 OK
r-devel-windows-x86_64 0.6 11.00 88.00 99.00 OK
r-devel-windows-x86_64-gcc10-UCRT 0.6 ERROR
r-patched-linux-x86_64 0.6 7.77 61.11 68.88 OK
r-patched-solaris-x86 0.6 124.30 OK
r-release-linux-x86_64 0.6 7.87 60.64 68.51 OK
r-release-macos-arm64 0.6 OK
r-release-macos-x86_64 0.6 OK
r-release-windows-ix86+x86_64 0.6 21.00 68.00 89.00 OK
r-oldrel-macos-x86_64 0.6 OK
r-oldrel-windows-ix86+x86_64 0.6 21.00 69.00 90.00 OK

Check Details

Version: 0.6
Check: package dependencies
Result: ERROR
    Package required but not available: 'tmod'
    
    See section 'The DESCRIPTION file' in the 'Writing R Extensions'
    manual.
Flavor: r-devel-windows-x86_64-gcc10-UCRT