CRAN Package Check Results for Package distr6

Last updated on 2021-09-20 07:50:28 CEST.

Flavor Version Tinstall Tcheck Ttotal Status Flags
r-devel-linux-x86_64-debian-clang 1.6.0 149.37 444.45 593.82 OK
r-devel-linux-x86_64-debian-gcc 1.6.0 107.22 314.43 421.65 OK
r-devel-linux-x86_64-fedora-clang 1.6.0 721.64 NOTE
r-devel-linux-x86_64-fedora-gcc 1.6.0 694.49 OK
r-devel-windows-x86_64 1.6.0 144.00 367.00 511.00 NOTE
r-devel-windows-x86_64-gcc10-UCRT 1.6.0 ERROR
r-patched-linux-x86_64 1.6.0 144.77 416.52 561.29 OK
r-patched-solaris-x86 1.6.0 689.70 NOTE
r-release-linux-x86_64 1.6.0 118.45 418.59 537.04 OK
r-release-macos-arm64 1.6.0 NOTE
r-release-macos-x86_64 1.6.0 NOTE
r-release-windows-ix86+x86_64 1.6.0 250.00 696.00 946.00 NOTE
r-oldrel-macos-x86_64 1.6.0 NOTE
r-oldrel-windows-ix86+x86_64 1.6.0 246.00 739.00 985.00 NOTE

Check Details

Version: 1.6.0
Check: installed package size
Result: NOTE
     installed size is 7.1Mb
     sub-directories of 1Mb or more:
     R 3.6Mb
     help 1.2Mb
     libs 2.1Mb
Flavors: r-devel-linux-x86_64-fedora-clang, r-devel-windows-x86_64, r-patched-solaris-x86, r-release-macos-arm64, r-release-macos-x86_64, r-release-windows-ix86+x86_64, r-oldrel-macos-x86_64, r-oldrel-windows-ix86+x86_64

Version: 1.6.0
Check: whether package can be installed
Result: ERROR
    Installation failed.
Flavor: r-devel-windows-x86_64-gcc10-UCRT