CRAN Package Check Results for Package distrSim

Last updated on 2021-09-17 06:48:41 CEST.

Flavor Version Tinstall Tcheck Ttotal Status Flags
r-devel-linux-x86_64-debian-clang 2.8.0 18.47 57.45 75.92 NOTE
r-devel-linux-x86_64-debian-gcc 2.8.0 16.97 44.64 61.61 NOTE
r-devel-linux-x86_64-fedora-clang 2.8.0 110.02 NOTE
r-devel-linux-x86_64-fedora-gcc 2.8.0 99.00 NOTE
r-devel-windows-x86_64 2.8.0 23.00 78.00 101.00 OK
r-devel-windows-x86_64-gcc10-UCRT 2.8.0 OK
r-patched-linux-x86_64 2.8.0 22.78 55.64 78.42 NOTE
r-patched-solaris-x86 2.8.0 130.50 NOTE
r-release-linux-x86_64 2.8.0 21.84 55.30 77.14 NOTE
r-release-macos-arm64 2.8.0 OK
r-release-macos-x86_64 2.8.0 OK
r-release-windows-ix86+x86_64 2.8.0 35.00 63.00 98.00 OK
r-oldrel-macos-x86_64 2.8.0 OK
r-oldrel-windows-ix86+x86_64 2.8.0 26.00 75.00 101.00 OK

Check Details

Version: 2.8.0
Check: for non-standard things in the check directory
Result: NOTE
    Found the following files/directories:
     'csim' 'xyz' 'xyz.sav' 'xyz.sav.comment'
Flavors: r-devel-linux-x86_64-debian-clang, r-devel-linux-x86_64-debian-gcc, r-devel-linux-x86_64-fedora-clang, r-devel-linux-x86_64-fedora-gcc, r-patched-linux-x86_64, r-patched-solaris-x86, r-release-linux-x86_64

Version: 2.8.0
Check: Rd cross-references
Result: NOTE
    Undeclared package ‘distrTEst’ in Rd xrefs
Flavor: r-devel-linux-x86_64-fedora-clang