CRAN Package Check Results for Package div

Last updated on 2021-09-21 06:48:18 CEST.

Flavor Version Tinstall Tcheck Ttotal Status Flags
r-devel-linux-x86_64-debian-clang 0.3.1 11.99 86.61 98.60 OK
r-devel-linux-x86_64-debian-gcc 0.3.1 8.72 64.91 73.63 OK
r-devel-linux-x86_64-fedora-clang 0.3.1 124.71 NOTE
r-devel-linux-x86_64-fedora-gcc 0.3.1 111.04 NOTE
r-devel-windows-x86_64 0.3.1 13.00 78.00 91.00 OK
r-devel-windows-x86_64-gcc10-UCRT 0.3.1 ERROR
r-patched-linux-x86_64 0.3.1 11.39 80.68 92.07 OK
r-patched-solaris-x86 0.3.1 159.80 NOTE
r-release-linux-x86_64 0.3.1 9.18 80.39 89.57 OK
r-release-macos-arm64 0.3.1 NOTE
r-release-macos-x86_64 0.3.1 NOTE
r-release-windows-ix86+x86_64 0.3.1 27.00 90.00 117.00 OK
r-oldrel-macos-x86_64 0.3.1 NOTE
r-oldrel-windows-ix86+x86_64 0.3.1 26.00 111.00 137.00 OK

Check Details

Version: 0.3.1
Check: dependencies in R code
Result: NOTE
    Namespaces in Imports field not imported from:
     ‘gridExtra’ ‘plotly’ ‘pryr’ ‘rpart’
     All declared Imports should be used.
Flavors: r-devel-linux-x86_64-fedora-clang, r-devel-linux-x86_64-fedora-gcc, r-devel-windows-x86_64-gcc10-UCRT, r-patched-solaris-x86, r-release-macos-arm64, r-release-macos-x86_64, r-oldrel-macos-x86_64

Version: 0.3.1
Check: whether package can be installed
Result: WARN
    Found the following significant warnings:
     WARNING: installation-time patches will not be applied, could not get the patches index
Flavor: r-devel-windows-x86_64-gcc10-UCRT

Version: 0.3.1
Check: PDF version of manual
Result: WARN
    LaTeX errors when creating PDF version.
    This typically indicates Rd problems.
Flavor: r-devel-windows-x86_64-gcc10-UCRT

Version: 0.3.1
Check: PDF version of manual without hyperrefs or index
Result: ERROR
    Re-running with no redirection of stdout/stderr.
Flavor: r-devel-windows-x86_64-gcc10-UCRT