CRAN Package Check Results for Package dixon

Last updated on 2021-09-26 06:49:05 CEST.

Flavor Version Tinstall Tcheck Ttotal Status Flags
r-devel-linux-x86_64-debian-clang 0.0-7 12.42 80.22 92.64 OK
r-devel-linux-x86_64-debian-gcc 0.0-7 8.84 63.17 72.01 OK
r-devel-linux-x86_64-fedora-clang 0.0-7 118.43 NOTE
r-devel-linux-x86_64-fedora-gcc 0.0-7 109.45 OK
r-devel-windows-x86_64 0.0-7 13.00 74.00 87.00 OK
r-devel-windows-x86_64-gcc10-UCRT 0.0-7 OK
r-patched-linux-x86_64 0.0-7 10.75 77.98 88.73 OK
r-patched-solaris-x86 0.0-7 159.40 OK
r-release-linux-x86_64 0.0-7 8.74 78.48 87.22 OK
r-release-macos-arm64 0.0-7 OK
r-release-macos-x86_64 0.0-7 OK
r-release-windows-ix86+x86_64 0.0-7 25.00 106.00 131.00 OK
r-oldrel-macos-x86_64 0.0-7 OK
r-oldrel-windows-ix86+x86_64 0.0-7 19.00 101.00 120.00 OK

Check Details

Version: 0.0-7
Check: Rd cross-references
Result: NOTE
    Undeclared package ‘ecespa’ in Rd xrefs
Flavor: r-devel-linux-x86_64-fedora-clang