CRAN Package Check Results for Package dkDNA

Last updated on 2021-09-25 06:49:17 CEST.

Flavor Version Tinstall Tcheck Ttotal Status Flags
r-devel-linux-x86_64-debian-clang 0.1.1 2.42 20.78 23.20 OK
r-devel-linux-x86_64-debian-gcc 0.1.1 1.93 16.43 18.36 OK
r-devel-linux-x86_64-fedora-clang 0.1.1 38.34 NOTE
r-devel-linux-x86_64-fedora-gcc 0.1.1 27.22 NOTE
r-devel-windows-x86_64 0.1.1 6.00 24.00 30.00 OK
r-devel-windows-x86_64-gcc10-UCRT 0.1.1 OK
r-patched-linux-x86_64 0.1.1 2.52 20.32 22.84 OK
r-patched-solaris-x86 0.1.1 42.30 OK
r-release-linux-x86_64 0.1.1 2.47 20.22 22.69 OK
r-release-macos-arm64 0.1.1 OK
r-release-macos-x86_64 0.1.1 OK
r-release-windows-ix86+x86_64 0.1.1 9.00 30.00 39.00 OK
r-oldrel-macos-x86_64 0.1.1 OK
r-oldrel-windows-ix86+x86_64 0.1.1 8.00 29.00 37.00 OK

Check Details

Version: 0.1.1
Check: compiled code
Result: NOTE
    File ‘dkDNA/libs/dkDNA.so’:
     Found no calls to: ‘R_registerRoutines’, ‘R_useDynamicSymbols’
    
    It is good practice to register native routines and to disable symbol
    search.
    
    See ‘Writing portable packages’ in the ‘Writing R Extensions’ manual.
Flavors: r-devel-linux-x86_64-fedora-clang, r-devel-linux-x86_64-fedora-gcc