CRAN Package Check Results for Package dm

Last updated on 2021-10-22 12:59:11 CEST.

Flavor Version Tinstall Tcheck Ttotal Status Flags
r-devel-linux-x86_64-debian-clang 0.2.5 13.74 319.15 332.89 OK
r-devel-linux-x86_64-debian-gcc 0.2.5 11.93 231.44 243.37 OK
r-devel-linux-x86_64-fedora-clang 0.2.5 408.28 OK
r-devel-linux-x86_64-fedora-gcc 0.2.5 370.78 OK
r-devel-windows-x86_64 0.2.5 15.00 379.00 394.00 OK
r-devel-windows-x86_64-gcc10-UCRT 0.2.5 ERROR
r-patched-linux-x86_64 0.2.5 22.43 350.30 372.73 OK
r-patched-solaris-x86 0.2.5 340.40 OK
r-release-linux-x86_64 0.2.5 9.06 350.41 359.47 OK
r-release-macos-arm64 0.2.4 OK
r-release-macos-x86_64 0.2.5 OK
r-release-windows-ix86+x86_64 0.2.5 17.00 293.00 310.00 OK
r-oldrel-macos-x86_64 0.2.5 OK
r-oldrel-windows-ix86+x86_64 0.2.5 20.00 329.00 349.00 OK

Check Details

Version: 0.2.5
Check: package dependencies
Result: ERROR
    Package required but not available: 'igraph'
    
    Package suggested but not available for checking: 'DiagrammeR'
    
    See section 'The DESCRIPTION file' in the 'Writing R Extensions'
    manual.
Flavor: r-devel-windows-x86_64-gcc10-UCRT