CRAN Package Check Results for Package dmtools

Last updated on 2021-09-21 06:48:18 CEST.

Flavor Version Tinstall Tcheck Ttotal Status Flags
r-devel-linux-x86_64-debian-clang 0.2.6 4.65 50.81 55.46 NOTE
r-devel-linux-x86_64-debian-gcc 0.2.6 3.40 38.57 41.97 NOTE
r-devel-linux-x86_64-fedora-clang 0.2.6 75.44 NOTE
r-devel-linux-x86_64-fedora-gcc 0.2.6 63.95 NOTE
r-devel-windows-x86_64 0.2.6 6.00 57.00 63.00 NOTE
r-devel-windows-x86_64-gcc10-UCRT 0.2.6 ERROR
r-patched-linux-x86_64 0.2.6 4.79 50.26 55.05 NOTE
r-patched-solaris-x86 0.2.6 93.00 NOTE
r-release-linux-x86_64 0.2.6 3.71 49.93 53.64 NOTE
r-release-macos-arm64 0.2.6 NOTE
r-release-macos-x86_64 0.2.6 NOTE
r-release-windows-ix86+x86_64 0.2.6 10.00 55.00 65.00 NOTE
r-oldrel-macos-x86_64 0.2.6 OK
r-oldrel-windows-ix86+x86_64 0.2.6 10.00 75.00 85.00 OK

Check Details

Version: 0.2.6
Check: LazyData
Result: NOTE
     'LazyData' is specified without a 'data' directory
Flavors: r-devel-linux-x86_64-debian-clang, r-devel-linux-x86_64-debian-gcc, r-devel-linux-x86_64-fedora-clang, r-devel-linux-x86_64-fedora-gcc, r-devel-windows-x86_64, r-devel-windows-x86_64-gcc10-UCRT, r-patched-linux-x86_64, r-patched-solaris-x86, r-release-linux-x86_64, r-release-macos-arm64, r-release-macos-x86_64, r-release-windows-ix86+x86_64

Version: 0.2.6
Check: whether package can be installed
Result: WARN
    Found the following significant warnings:
     WARNING: installation-time patches will not be applied, could not get the patches index
Flavor: r-devel-windows-x86_64-gcc10-UCRT

Version: 0.2.6
Check: PDF version of manual
Result: WARN
    LaTeX errors when creating PDF version.
    This typically indicates Rd problems.
Flavor: r-devel-windows-x86_64-gcc10-UCRT

Version: 0.2.6
Check: PDF version of manual without hyperrefs or index
Result: ERROR
    Re-running with no redirection of stdout/stderr.
Flavor: r-devel-windows-x86_64-gcc10-UCRT