CRAN Package Check Results for Package dng

Last updated on 2021-09-25 06:49:17 CEST.

Flavor Version Tinstall Tcheck Ttotal Status Flags
r-devel-linux-x86_64-debian-clang 0.2.1 131.69 28.04 159.73 NOTE
r-devel-linux-x86_64-debian-gcc 0.2.1 76.97 22.14 99.11 NOTE
r-devel-linux-x86_64-fedora-clang 0.2.1 259.35 NOTE
r-devel-linux-x86_64-fedora-gcc 0.2.1 188.82 NOTE
r-devel-windows-x86_64 0.2.1 125.00 43.00 168.00 NOTE
r-devel-windows-x86_64-gcc10-UCRT 0.2.1 NOTE
r-patched-linux-x86_64 0.2.1 93.31 27.05 120.36 NOTE
r-patched-solaris-x86 0.2.1 167.90 NOTE
r-release-linux-x86_64 0.2.1 95.94 27.24 123.18 NOTE
r-release-macos-arm64 0.2.1 NOTE
r-release-macos-x86_64 0.2.1 NOTE
r-release-windows-ix86+x86_64 0.2.1 292.00 55.00 347.00 NOTE
r-oldrel-macos-x86_64 0.2.1 OK
r-oldrel-windows-ix86+x86_64 0.2.1 258.00 54.00 312.00 OK

Check Details

Version: 0.2.1
Check: LazyData
Result: NOTE
     'LazyData' is specified without a 'data' directory
Flavors: r-devel-linux-x86_64-debian-clang, r-devel-linux-x86_64-debian-gcc, r-devel-linux-x86_64-fedora-clang, r-devel-linux-x86_64-fedora-gcc, r-devel-windows-x86_64, r-devel-windows-x86_64-gcc10-UCRT, r-patched-linux-x86_64, r-patched-solaris-x86, r-release-linux-x86_64, r-release-macos-arm64, r-release-macos-x86_64, r-release-windows-ix86+x86_64