CRAN Package Check Results for Package docxtools

Last updated on 2021-09-21 06:48:18 CEST.

Flavor Version Tinstall Tcheck Ttotal Status Flags
r-devel-linux-x86_64-debian-clang 0.2.2 6.68 73.60 80.28 OK
r-devel-linux-x86_64-debian-gcc 0.2.2 5.39 56.25 61.64 OK
r-devel-linux-x86_64-fedora-clang 0.2.2 104.52 OK
r-devel-linux-x86_64-fedora-gcc 0.2.2 91.19 OK
r-devel-windows-x86_64 0.2.2 8.00 79.00 87.00 OK
r-devel-windows-x86_64-gcc10-UCRT 0.2.2 ERROR
r-patched-linux-x86_64 0.2.2 5.65 69.76 75.41 OK
r-patched-solaris-x86 0.2.2 135.60 OK
r-release-linux-x86_64 0.2.2 5.42 70.41 75.83 OK
r-release-macos-arm64 0.2.2 OK
r-release-macos-x86_64 0.2.2 OK
r-release-windows-ix86+x86_64 0.2.2 16.00 75.00 91.00 OK
r-oldrel-macos-x86_64 0.2.2 OK
r-oldrel-windows-ix86+x86_64 0.2.2 17.00 98.00 115.00 OK

Check Details

Version: 0.2.2
Check: whether package can be installed
Result: WARN
    Found the following significant warnings:
     WARNING: installation-time patches will not be applied, could not get the patches index
Flavor: r-devel-windows-x86_64-gcc10-UCRT

Version: 0.2.2
Check: PDF version of manual
Result: WARN
    LaTeX errors when creating PDF version.
    This typically indicates Rd problems.
Flavor: r-devel-windows-x86_64-gcc10-UCRT

Version: 0.2.2
Check: PDF version of manual without hyperrefs or index
Result: ERROR
    Re-running with no redirection of stdout/stderr.
Flavor: r-devel-windows-x86_64-gcc10-UCRT