CRAN Package Check Results for Package dotwhisker

Last updated on 2021-09-18 09:53:21 CEST.

Flavor Version Tinstall Tcheck Ttotal Status Flags
r-devel-linux-x86_64-debian-clang 0.7.4 7.43 141.62 149.05 OK
r-devel-linux-x86_64-debian-gcc 0.7.4 5.73 103.37 109.10 OK
r-devel-linux-x86_64-fedora-clang 0.7.4 181.00 NOTE
r-devel-linux-x86_64-fedora-gcc 0.7.4 166.31 OK
r-devel-windows-x86_64 0.7.4 14.00 169.00 183.00 OK
r-devel-windows-x86_64-gcc10-UCRT 0.7.4 OK
r-patched-linux-x86_64 0.7.4 13.63 131.42 145.05 OK
r-patched-solaris-x86 0.7.4 234.80 OK
r-release-linux-x86_64 0.7.4 4.41 130.87 135.28 OK
r-release-macos-arm64 0.7.4 OK
r-release-macos-x86_64 0.7.4 OK
r-release-windows-ix86+x86_64 0.7.4 25.00 135.00 160.00 OK
r-oldrel-macos-x86_64 0.7.4 OK
r-oldrel-windows-ix86+x86_64 0.7.4 25.00 164.00 189.00 OK

Check Details

Version: 0.7.4
Check: Rd cross-references
Result: NOTE
    Undeclared package ‘broomExtra’ in Rd xrefs
Flavor: r-devel-linux-x86_64-fedora-clang