CRAN Package Check Results for Package downlit

Last updated on 2023-02-04 00:50:47 CET.

Flavor Version Tinstall Tcheck Ttotal Status Flags
r-devel-linux-x86_64-debian-clang 0.4.2 5.12 46.57 51.69 OK
r-devel-linux-x86_64-debian-gcc 0.4.2 3.28 35.89 39.17 OK
r-devel-linux-x86_64-fedora-clang 0.4.2 63.90 OK
r-devel-linux-x86_64-fedora-gcc 0.4.2 65.94 OK
r-devel-windows-x86_64 0.4.2 34.00 96.00 130.00 OK
r-patched-linux-x86_64 0.4.2 4.53 46.33 50.86 OK
r-release-linux-x86_64 0.4.2 4.30 47.20 51.50 OK
r-release-macos-arm64 0.4.2 31.00 OK
r-release-macos-x86_64 0.4.2 41.00 OK
r-release-windows-x86_64 0.4.2 42.00 84.00 126.00 OK
r-oldrel-macos-arm64 0.4.2 26.00 OK
r-oldrel-macos-x86_64 0.4.2 42.00 OK
r-oldrel-windows-ix86+x86_64 0.4.2 9.00 85.00 94.00 WARN

Check Details

Version: 0.4.2
Check: for unstated dependencies in ‘tests’
Result: WARN
    Warning: unable to access index for repository https://bioconductor.org/packages/3.14/bioc/src/contrib:
     cannot open URL 'https://bioconductor.org/packages/3.14/bioc/src/contrib/PACKAGES'
    Warning: unable to access index for repository https://bioconductor.org/packages/3.14/data/annotation/src/contrib:
     cannot open URL 'https://bioconductor.org/packages/3.14/data/annotation/src/contrib/PACKAGES'
    Warning: unable to access index for repository https://bioconductor.org/packages/3.14/data/experiment/src/contrib:
     cannot open URL 'https://bioconductor.org/packages/3.14/data/experiment/src/contrib/PACKAGES'
Flavor: r-oldrel-windows-ix86+x86_64