CRAN Package Check Results for Package dowser

Last updated on 2021-11-27 08:50:35 CET.

Flavor Version Tinstall Tcheck Ttotal Status Flags
r-devel-linux-x86_64-debian-clang 0.1.0 OK
r-devel-linux-x86_64-debian-gcc 0.1.0 37.29 315.45 352.74 OK
r-devel-linux-x86_64-fedora-clang 0.1.0 587.74 OK
r-devel-linux-x86_64-fedora-gcc 0.1.0 593.19 OK
r-devel-windows-x86_64-new-UL 0.1.0 77.00 567.00 644.00 OK
r-devel-windows-x86_64-new-TK 0.1.0 OK
r-devel-windows-x86_64-old 0.1.0 56.00 443.00 499.00 OK
r-patched-linux-x86_64 0.1.0 47.34 426.49 473.83 OK
r-patched-solaris-x86 0.1.0 796.70 OK
r-release-linux-x86_64 0.1.0 OK
r-release-macos-arm64 0.1.0 OK
r-release-macos-x86_64 0.1.0 OK
r-release-windows-ix86+x86_64 0.1.0 105.00 401.00 506.00 OK
r-oldrel-macos-x86_64 0.1.0 ERROR
r-oldrel-windows-ix86+x86_64 0.1.0 10.00 8.00 18.00 ERROR

Check Details

Version: 0.1.0
Check: package dependencies
Result: ERROR
    Package required but not available: ‘ggtree’
    
    See section ‘The DESCRIPTION file’ in the ‘Writing R Extensions’
    manual.
Flavor: r-oldrel-macos-x86_64

Version: 0.1.0
Check: whether package can be installed
Result: ERROR
    Installation failed.
Flavor: r-oldrel-windows-ix86+x86_64