CRAN Package Check Results for Package dracor

Last updated on 2021-09-17 06:48:42 CEST.

Flavor Version Tinstall Tcheck Ttotal Status Flags
r-devel-linux-x86_64-debian-clang 0.2.4 136.33 28.54 164.87 OK
r-devel-linux-x86_64-debian-gcc 0.2.4 91.20 22.37 113.57 OK
r-devel-linux-x86_64-fedora-clang 0.2.4 273.47 NOTE
r-devel-linux-x86_64-fedora-gcc 0.2.4 213.40 OK
r-devel-windows-x86_64 0.2.4 120.00 59.00 179.00 OK
r-devel-windows-x86_64-gcc10-UCRT 0.2.4 ERROR
r-patched-linux-x86_64 0.2.4 110.04 27.61 137.65 OK
r-patched-solaris-x86 0.2.4 176.80 OK
r-release-linux-x86_64 0.2.4 112.62 27.45 140.07 OK
r-release-macos-arm64 0.2.4 NOTE
r-release-macos-x86_64 0.2.4 NOTE
r-release-windows-ix86+x86_64 0.2.4 314.00 64.00 378.00 OK
r-oldrel-macos-x86_64 0.2.4 NOTE
r-oldrel-windows-ix86+x86_64 0.2.4 251.00 78.00 329.00 OK

Check Details

Version: 0.2.4
Check: installed package size
Result: NOTE
     installed size is 10.8Mb
     sub-directories of 1Mb or more:
     libs 10.6Mb
Flavors: r-devel-linux-x86_64-fedora-clang, r-release-macos-arm64, r-release-macos-x86_64, r-oldrel-macos-x86_64

Version: 0.2.4
Check: tests
Result: ERROR
     Running 'spelling.R'
     Running 'testthat.R'
    Running the tests in 'tests/testthat.R' failed.
    Complete output:
     > library(testthat)
     > library(dracor)
     >
     > test_check("dracor")
     ══ Skipped tests ═══════════════════════════════════════════════════════════════
     • empty test (1)
    
     ══ Failed tests ════════════════════════════════════════════════════════════════
     ── Error (test-decode.R:24:3): decoding URL works ──────────────────────────────
     Error: Unable to decode triangular mesh data
     Backtrace:
     █
     1. ├─testthat::expect_is(...) test-decode.R:24:2
     2. │ └─testthat::quasi_label(enquo(object), label, arg = "object")
     3. │ └─rlang::eval_bare(expr, quo_get_env(quo))
     4. └─dracor::draco_decode(carurl, quiet = TRUE)
    
     [ FAIL 1 | WARN 0 | SKIP 1 | PASS 6 ]
     Error: Test failures
     Execution halted
Flavor: r-devel-windows-x86_64-gcc10-UCRT