CRAN Package Check Results for Package dropR

Last updated on 2021-09-27 06:48:21 CEST.

Flavor Version Tinstall Tcheck Ttotal Status Flags
r-devel-linux-x86_64-debian-clang 0.1 1.76 22.47 24.23 NOTE
r-devel-linux-x86_64-debian-gcc 0.1 1.53 17.82 19.35 NOTE
r-devel-linux-x86_64-fedora-clang 0.1 39.27 NOTE
r-devel-linux-x86_64-fedora-gcc 0.1 28.39 NOTE
r-devel-windows-x86_64 0.1 3.00 30.00 33.00 NOTE
r-devel-windows-x86_64-gcc10-UCRT 0.1 NOTE
r-patched-linux-x86_64 0.1 2.19 21.74 23.93 NOTE
r-patched-solaris-x86 0.1 46.00 NOTE
r-release-linux-x86_64 0.1 2.13 22.16 24.29 NOTE
r-release-macos-arm64 0.1 NOTE
r-release-macos-x86_64 0.1 NOTE
r-release-windows-ix86+x86_64 0.1 5.00 34.00 39.00 NOTE
r-oldrel-macos-x86_64 0.1 NOTE
r-oldrel-windows-ix86+x86_64 0.1 4.00 30.00 34.00 NOTE

Check Details

Version: 0.1
Check: R code for possible problems
Result: NOTE
    compute_xsq: no visible global function definition for 'chisq.test'
    Undefined global functions or variables:
     chisq.test
    Consider adding
     importFrom("stats", "chisq.test")
    to your NAMESPACE file.
Flavors: r-devel-linux-x86_64-debian-clang, r-devel-linux-x86_64-debian-gcc, r-devel-linux-x86_64-fedora-clang, r-devel-linux-x86_64-fedora-gcc, r-devel-windows-x86_64, r-devel-windows-x86_64-gcc10-UCRT, r-patched-linux-x86_64, r-patched-solaris-x86, r-release-linux-x86_64, r-release-macos-arm64, r-release-macos-x86_64, r-release-windows-ix86+x86_64, r-oldrel-macos-x86_64, r-oldrel-windows-ix86+x86_64