CRAN Package Check Results for Package dundermifflin

Last updated on 2021-09-27 06:48:21 CEST.

Flavor Version Tinstall Tcheck Ttotal Status Flags
r-devel-linux-x86_64-debian-clang 0.1.1 3.09 23.41 26.50 OK
r-devel-linux-x86_64-debian-gcc 0.1.1 2.81 18.95 21.76 OK
r-devel-linux-x86_64-fedora-clang 0.1.1 42.21 NOTE
r-devel-linux-x86_64-fedora-gcc 0.1.1 31.95 NOTE
r-devel-windows-x86_64 0.1.1 5.00 31.00 36.00 OK
r-devel-windows-x86_64-gcc10-UCRT 0.1.1 NOTE
r-patched-linux-x86_64 0.1.1 4.15 23.06 27.21 OK
r-patched-solaris-x86 0.1.1 49.30 NOTE
r-release-linux-x86_64 0.1.1 3.30 23.12 26.42 OK
r-release-macos-arm64 0.1.1 NOTE
r-release-macos-x86_64 0.1.1 NOTE
r-release-windows-ix86+x86_64 0.1.1 7.00 30.00 37.00 OK
r-oldrel-macos-x86_64 0.1.1 NOTE
r-oldrel-windows-ix86+x86_64 0.1.1 5.00 29.00 34.00 OK

Check Details

Version: 0.1.1
Check: data for non-ASCII characters
Result: NOTE
     Note: found 2854 marked UTF-8 strings
Flavors: r-devel-linux-x86_64-fedora-clang, r-devel-linux-x86_64-fedora-gcc, r-devel-windows-x86_64-gcc10-UCRT, r-patched-solaris-x86, r-release-macos-arm64, r-release-macos-x86_64, r-oldrel-macos-x86_64