CRAN Package Check Results for Package dynBiplotGUI

Last updated on 2021-09-21 06:48:19 CEST.

Flavor Version Tinstall Tcheck Ttotal Status Flags
r-devel-linux-x86_64-debian-clang 1.1.6 5.95 37.78 43.73 OK
r-devel-linux-x86_64-debian-gcc 1.1.6 4.63 29.92 34.55 OK
r-devel-linux-x86_64-fedora-clang 1.1.6 63.83 OK
r-devel-linux-x86_64-fedora-gcc 1.1.6 54.50 OK
r-devel-windows-x86_64 1.1.6 7.00 41.00 48.00 OK
r-devel-windows-x86_64-gcc10-UCRT 1.1.6 ERROR
r-patched-linux-x86_64 1.1.6 6.05 37.35 43.40 OK
r-patched-solaris-x86 1.1.6 78.50 OK
r-release-linux-x86_64 1.1.6 5.08 37.39 42.47 OK
r-release-macos-arm64 1.1.6 OK
r-release-macos-x86_64 1.1.6 OK
r-release-windows-ix86+x86_64 1.1.6 9.00 41.00 50.00 OK
r-oldrel-macos-x86_64 1.1.6 OK
r-oldrel-windows-ix86+x86_64 1.1.6 9.00 36.00 45.00 OK

Check Details

Version: 1.1.6
Check: whether package can be installed
Result: WARN
    Found the following significant warnings:
     WARNING: installation-time patches will not be applied, could not get the patches index
Flavor: r-devel-windows-x86_64-gcc10-UCRT

Version: 1.1.6
Check: PDF version of manual
Result: WARN
    LaTeX errors when creating PDF version.
    This typically indicates Rd problems.
Flavor: r-devel-windows-x86_64-gcc10-UCRT

Version: 1.1.6
Check: PDF version of manual without hyperrefs or index
Result: ERROR
    Re-running with no redirection of stdout/stderr.
Flavor: r-devel-windows-x86_64-gcc10-UCRT