CRAN Package Check Results for Package easycsv

Last updated on 2021-09-26 06:49:05 CEST.

Flavor Version Tinstall Tcheck Ttotal Status Flags
r-devel-linux-x86_64-debian-clang 1.0.8 2.57 37.50 40.07 NOTE
r-devel-linux-x86_64-debian-gcc 1.0.8 2.01 30.04 32.05 NOTE
r-devel-linux-x86_64-fedora-clang 1.0.8 57.16 NOTE
r-devel-linux-x86_64-fedora-gcc 1.0.8 46.33 NOTE
r-devel-windows-x86_64 1.0.8 4.00 48.00 52.00 NOTE
r-devel-windows-x86_64-gcc10-UCRT 1.0.8 NOTE
r-patched-linux-x86_64 1.0.8 3.06 27.23 30.29 NOTE
r-patched-solaris-x86 1.0.8 57.10 NOTE
r-release-linux-x86_64 1.0.8 2.61 26.91 29.52 NOTE
r-release-macos-arm64 1.0.8 NOTE
r-release-macos-x86_64 1.0.8 NOTE
r-release-windows-ix86+x86_64 1.0.8 6.00 34.00 40.00 NOTE
r-oldrel-macos-x86_64 1.0.8 OK
r-oldrel-windows-ix86+x86_64 1.0.8 31.00 30.00 61.00 OK

Check Details

Version: 1.0.8
Check: LazyData
Result: NOTE
     'LazyData' is specified without a 'data' directory
Flavors: r-devel-linux-x86_64-debian-clang, r-devel-linux-x86_64-debian-gcc, r-devel-linux-x86_64-fedora-clang, r-devel-linux-x86_64-fedora-gcc, r-devel-windows-x86_64, r-devel-windows-x86_64-gcc10-UCRT, r-patched-linux-x86_64, r-patched-solaris-x86, r-release-linux-x86_64, r-release-macos-arm64, r-release-macos-x86_64, r-release-windows-ix86+x86_64

Version: 1.0.8
Check: for non-standard things in the check directory
Result: NOTE
    Found the following files/directories:
     'example_table1.csv' 'example_table1.txt' 'example_table2.csv'
     'example_table2.txt' 'example_table3.csv' 'example_table3.txt'
     'table1.csv' 'table2.csv' 'table2.txt' 'table3.txt' 'table4.txt'
Flavors: r-devel-linux-x86_64-debian-clang, r-devel-linux-x86_64-debian-gcc, r-devel-linux-x86_64-fedora-clang, r-devel-linux-x86_64-fedora-gcc, r-patched-linux-x86_64, r-patched-solaris-x86, r-release-linux-x86_64