Last updated on 2023-02-04 00:50:47 CET.
Flavor | Version | Tinstall | Tcheck | Ttotal | Status | Flags |
---|---|---|---|---|---|---|
r-devel-linux-x86_64-debian-clang | 1.0.1 | 2.18 | 23.34 | 25.52 | NOTE | |
r-devel-linux-x86_64-debian-gcc | 1.0.1 | 1.71 | 17.72 | 19.43 | NOTE | |
r-devel-linux-x86_64-fedora-clang | 1.0.1 | 33.22 | NOTE | |||
r-devel-linux-x86_64-fedora-gcc | 1.0.1 | 44.44 | NOTE | |||
r-devel-windows-x86_64 | 1.0.1 | 14.00 | 59.00 | 73.00 | NOTE | |
r-patched-linux-x86_64 | 1.0.1 | 2.07 | 22.95 | 25.02 | NOTE | |
r-release-linux-x86_64 | 1.0.1 | 1.89 | 25.60 | 27.49 | NOTE | |
r-release-macos-arm64 | 1.0.1 | 15.00 | NOTE | |||
r-release-macos-x86_64 | 1.0.1 | 23.00 | NOTE | |||
r-release-windows-x86_64 | 1.0.1 | 19.00 | 61.00 | 80.00 | NOTE | |
r-oldrel-macos-arm64 | 1.0.1 | 18.00 | NOTE | |||
r-oldrel-macos-x86_64 | 1.0.1 | 29.00 | NOTE | |||
r-oldrel-windows-ix86+x86_64 | 1.0.1 | 5.00 | 50.00 | 55.00 | NOTE |
Version: 1.0.1
Check: LazyData
Result: NOTE
'LazyData' is specified without a 'data' directory
Flavors: r-devel-linux-x86_64-debian-clang, r-devel-linux-x86_64-debian-gcc, r-devel-linux-x86_64-fedora-clang, r-devel-linux-x86_64-fedora-gcc, r-devel-windows-x86_64, r-patched-linux-x86_64, r-release-linux-x86_64, r-release-macos-arm64, r-release-macos-x86_64, r-release-windows-x86_64, r-oldrel-macos-arm64, r-oldrel-macos-x86_64, r-oldrel-windows-ix86+x86_64