Last updated on 2023-02-04 00:50:48 CET.
Flavor | Version | Tinstall | Tcheck | Ttotal | Status | Flags |
---|---|---|---|---|---|---|
r-devel-linux-x86_64-debian-clang | 0.1.0 | 7.79 | 197.00 | 204.79 | OK | |
r-devel-linux-x86_64-debian-gcc | 0.1.0 | 6.31 | 127.24 | 133.55 | OK | |
r-devel-linux-x86_64-fedora-clang | 0.1.0 | 254.20 | NOTE | |||
r-devel-linux-x86_64-fedora-gcc | 0.1.0 | 259.70 | NOTE | |||
r-devel-windows-x86_64 | 0.1.0 | 25.00 | 290.00 | 315.00 | OK | |
r-patched-linux-x86_64 | 0.1.0 | 8.16 | 191.21 | 199.37 | OK | |
r-release-linux-x86_64 | 0.1.0 | 6.14 | 188.74 | 194.88 | OK | |
r-release-macos-arm64 | 0.1.0 | 88.00 | NOTE | |||
r-release-macos-x86_64 | 0.1.0 | 176.00 | NOTE | |||
r-release-windows-x86_64 | 0.1.0 | 22.00 | 290.00 | 312.00 | OK | |
r-oldrel-macos-arm64 | 0.1.0 | 112.00 | NOTE | |||
r-oldrel-macos-x86_64 | 0.1.0 | 127.00 | NOTE | |||
r-oldrel-windows-ix86+x86_64 | 0.1.0 | 17.00 | 262.00 | 279.00 | OK |
Version: 0.1.0
Check: dependencies in R code
Result: NOTE
Namespace in Imports field not imported from: ‘pander’
All declared Imports should be used.
Flavors: r-devel-linux-x86_64-fedora-clang, r-devel-linux-x86_64-fedora-gcc, r-release-macos-arm64, r-release-macos-x86_64, r-oldrel-macos-arm64, r-oldrel-macos-x86_64