CRAN Package Check Results for Package ecm

Last updated on 2021-09-22 06:48:23 CEST.

Flavor Version Tinstall Tcheck Ttotal Status Flags
r-devel-linux-x86_64-debian-clang 6.3.0 5.10 49.63 54.73 OK
r-devel-linux-x86_64-debian-gcc 6.3.0 4.49 38.06 42.55 OK
r-devel-linux-x86_64-fedora-clang 6.3.0 74.26 NOTE
r-devel-linux-x86_64-fedora-gcc 6.3.0 62.42 NOTE
r-devel-windows-x86_64 6.3.0 8.00 50.00 58.00 OK
r-devel-windows-x86_64-gcc10-UCRT 6.3.0 ERROR
r-patched-linux-x86_64 6.3.0 5.85 46.56 52.41 OK
r-patched-solaris-x86 6.3.0 100.20 NOTE
r-release-linux-x86_64 6.3.0 5.11 46.11 51.22 OK
r-release-macos-arm64 6.3.0 NOTE
r-release-macos-x86_64 6.3.0 NOTE
r-release-windows-ix86+x86_64 6.3.0 16.00 55.00 71.00 OK
r-oldrel-macos-x86_64 6.3.0 NOTE
r-oldrel-windows-ix86+x86_64 6.3.0 15.00 51.00 66.00 OK

Check Details

Version: 6.3.0
Check: dependencies in R code
Result: NOTE
    Namespaces in Imports field not imported from:
     ‘lmtest’ ‘sandwich’ ‘urca’
     All declared Imports should be used.
Flavors: r-devel-linux-x86_64-fedora-clang, r-devel-linux-x86_64-fedora-gcc, r-devel-windows-x86_64-gcc10-UCRT, r-patched-solaris-x86, r-release-macos-arm64, r-release-macos-x86_64, r-oldrel-macos-x86_64

Version: 6.3.0
Check: PDF version of manual
Result: WARN
    LaTeX errors when creating PDF version.
    This typically indicates Rd problems.
Flavor: r-devel-windows-x86_64-gcc10-UCRT

Version: 6.3.0
Check: PDF version of manual without hyperrefs or index
Result: ERROR
    Re-running with no redirection of stdout/stderr.
Flavor: r-devel-windows-x86_64-gcc10-UCRT