CRAN Package Check Results for Package ecoCopula

Last updated on 2021-10-22 12:59:12 CEST.

Flavor Version Tinstall Tcheck Ttotal Status Flags
r-devel-linux-x86_64-debian-clang 1.0.1 10.12 333.26 343.38 OK
r-devel-linux-x86_64-debian-gcc 1.0.1 9.42 237.82 247.24 OK
r-devel-linux-x86_64-fedora-clang 1.0.1 395.44 OK
r-devel-linux-x86_64-fedora-gcc 1.0.1 391.10 OK
r-devel-windows-x86_64 1.0.1 17.00 387.00 404.00 OK
r-devel-windows-x86_64-gcc10-UCRT 1.0.1 ERROR
r-patched-linux-x86_64 1.0.1 14.97 312.49 327.46 OK
r-patched-solaris-x86 1.0.1 258.50 OK
r-release-linux-x86_64 1.0.1 9.99 307.98 317.97 OK
r-release-macos-arm64 1.0.1 OK
r-release-macos-x86_64 1.0.1 OK
r-release-windows-ix86+x86_64 1.0.1 25.00 402.00 427.00 OK
r-oldrel-macos-x86_64 1.0.1 OK
r-oldrel-windows-ix86+x86_64 1.0.1 27.00 444.00 471.00 OK

Check Details

Version: 1.0.1
Check: package dependencies
Result: ERROR
    Package required but not available: 'igraph'
    
    Packages suggested but not available for checking: 'ggraph', 'tidygraph'
    
    See section 'The DESCRIPTION file' in the 'Writing R Extensions'
    manual.
Flavor: r-devel-windows-x86_64-gcc10-UCRT