CRAN Package Check Results for Package ecostatscale

Last updated on 2023-06-01 02:53:47 CEST.

Flavor Version Tinstall Tcheck Ttotal Status Flags
r-devel-linux-x86_64-debian-clang 1.0 2.02 31.62 33.64 OK
r-devel-linux-x86_64-debian-gcc 1.0 1.94 24.47 26.41 OK
r-devel-linux-x86_64-fedora-clang 1.0 44.48 NOTE
r-devel-linux-x86_64-fedora-gcc 1.0 40.60 NOTE
r-devel-windows-x86_64 1.0 3.00 46.00 49.00 OK
r-patched-linux-x86_64 1.0 OK
r-release-linux-x86_64 1.0 2.37 30.90 33.27 OK
r-release-macos-arm64 1.0 18.00 OK
r-release-macos-x86_64 1.0 24.00 OK
r-release-windows-x86_64 1.0 4.00 49.00 53.00 OK
r-oldrel-macos-arm64 1.0 19.00 OK
r-oldrel-macos-x86_64 1.0 25.00 NOTE
r-oldrel-windows-x86_64 1.0 4.00 50.00 54.00 OK

Check Details

Version: 1.0
Check: dependencies in R code
Result: NOTE
    Namespace in Imports field not imported from: ‘graphics’
     All declared Imports should be used.
Flavors: r-devel-linux-x86_64-fedora-clang, r-devel-linux-x86_64-fedora-gcc, r-oldrel-macos-x86_64