CRAN Package Check Results for Package elfDistr

Last updated on 2021-09-20 07:50:30 CEST.

Flavor Version Tinstall Tcheck Ttotal Status Flags
r-devel-linux-x86_64-debian-clang 1.0.0 22.23 28.57 50.80 NOTE
r-devel-linux-x86_64-debian-gcc 1.0.0 14.25 21.89 36.14 NOTE
r-devel-linux-x86_64-fedora-clang 1.0.0 75.13 NOTE
r-devel-linux-x86_64-fedora-gcc 1.0.0 59.87 NOTE
r-devel-windows-x86_64 1.0.0 25.00 43.00 68.00 NOTE
r-devel-windows-x86_64-gcc10-UCRT 1.0.0 ERROR
r-patched-linux-x86_64 1.0.0 17.90 27.75 45.65 NOTE
r-patched-solaris-x86 1.0.0 75.40 NOTE
r-release-linux-x86_64 1.0.0 17.37 27.01 44.38 NOTE
r-release-macos-arm64 1.0.0 NOTE
r-release-macos-x86_64 1.0.0 NOTE
r-release-windows-ix86+x86_64 1.0.0 55.00 57.00 112.00 NOTE
r-oldrel-macos-x86_64 1.0.0 OK
r-oldrel-windows-ix86+x86_64 1.0.0 54.00 56.00 110.00 OK

Check Details

Version: 1.0.0
Check: LazyData
Result: NOTE
     'LazyData' is specified without a 'data' directory
Flavors: r-devel-linux-x86_64-debian-clang, r-devel-linux-x86_64-debian-gcc, r-devel-linux-x86_64-fedora-clang, r-devel-linux-x86_64-fedora-gcc, r-devel-windows-x86_64, r-patched-linux-x86_64, r-patched-solaris-x86, r-release-linux-x86_64, r-release-macos-arm64, r-release-macos-x86_64, r-release-windows-ix86+x86_64

Version: 1.0.0
Check: whether package can be installed
Result: ERROR
    Installation failed.
Flavor: r-devel-windows-x86_64-gcc10-UCRT