CRAN Package Check Results for Package emoa

Last updated on 2021-09-21 06:48:20 CEST.

Flavor Version Tinstall Tcheck Ttotal Status Flags
r-devel-linux-x86_64-debian-clang 0.5-0.1 6.09 25.32 31.41 OK
r-devel-linux-x86_64-debian-gcc 0.5-0.1 4.21 20.00 24.21 OK
r-devel-linux-x86_64-fedora-clang 0.5-0.1 47.14 NOTE
r-devel-linux-x86_64-fedora-gcc 0.5-0.1 36.80 NOTE
r-devel-windows-x86_64 0.5-0.1 14.00 32.00 46.00 OK
r-devel-windows-x86_64-gcc10-UCRT 0.5-0.1 ERROR
r-patched-linux-x86_64 0.5-0.1 5.43 24.67 30.10 OK
r-patched-solaris-x86 0.5-0.1 64.00 OK
r-release-linux-x86_64 0.5-0.1 4.97 24.49 29.46 OK
r-release-macos-arm64 0.5-0.1 OK
r-release-macos-x86_64 0.5-0.1 OK
r-release-windows-ix86+x86_64 0.5-0.1 22.00 40.00 62.00 OK
r-oldrel-macos-x86_64 0.5-0.1 OK
r-oldrel-windows-ix86+x86_64 0.5-0.1 19.00 46.00 65.00 OK

Check Details

Version: 0.5-0.1
Check: compiled code
Result: NOTE
    File ‘emoa/libs/emoa.so’:
     Found no calls to: ‘R_registerRoutines’, ‘R_useDynamicSymbols’
    
    It is good practice to register native routines and to disable symbol
    search.
    
    See ‘Writing portable packages’ in the ‘Writing R Extensions’ manual.
Flavors: r-devel-linux-x86_64-fedora-clang, r-devel-linux-x86_64-fedora-gcc

Version: 0.5-0.1
Check: whether package can be installed
Result: ERROR
    Installation failed.
Flavor: r-devel-windows-x86_64-gcc10-UCRT