Last updated on 2023-03-21 01:49:51 CET.
Flavor | Version | Tinstall | Tcheck | Ttotal | Status | Flags |
---|---|---|---|---|---|---|
r-devel-linux-x86_64-debian-clang | 0.2.2 | NOTE | ||||
r-devel-linux-x86_64-debian-gcc | 0.2.2 | 2.37 | 21.97 | 24.34 | NOTE | |
r-devel-linux-x86_64-fedora-clang | 0.2.2 | 40.64 | NOTE | |||
r-devel-linux-x86_64-fedora-gcc | 0.2.2 | 39.45 | NOTE | |||
r-devel-windows-x86_64 | 0.2.2 | 24.00 | 58.00 | 82.00 | NOTE | |
r-patched-linux-x86_64 | 0.2.2 | 3.04 | 28.63 | 31.67 | NOTE | |
r-release-linux-x86_64 | 0.2.2 | 3.25 | 28.70 | 31.95 | NOTE | |
r-release-macos-arm64 | 0.2.2 | 19.00 | NOTE | |||
r-release-macos-x86_64 | 0.2.2 | 23.00 | NOTE | |||
r-release-windows-x86_64 | 0.2.2 | 22.00 | 57.00 | 79.00 | NOTE | |
r-oldrel-macos-arm64 | 0.2.2 | 23.00 | NOTE | |||
r-oldrel-macos-x86_64 | 0.2.2 | 30.00 | NOTE | |||
r-oldrel-windows-ix86+x86_64 | 0.2.2 | 11.00 | 63.00 | 74.00 | NOTE |
Version: 0.2.2
Check: LazyData
Result: NOTE
'LazyData' is specified without a 'data' directory
Flavors: r-devel-linux-x86_64-debian-clang, r-devel-linux-x86_64-debian-gcc, r-devel-linux-x86_64-fedora-clang, r-devel-linux-x86_64-fedora-gcc, r-devel-windows-x86_64, r-patched-linux-x86_64, r-release-linux-x86_64, r-release-macos-arm64, r-release-macos-x86_64, r-release-windows-x86_64, r-oldrel-macos-arm64, r-oldrel-macos-x86_64, r-oldrel-windows-ix86+x86_64