CRAN Package Check Results for Package encryptedRmd

Last updated on 2022-10-07 01:51:23 CEST.

Flavor Version Tinstall Tcheck Ttotal Status Flags
r-devel-linux-x86_64-debian-clang 0.2.1 1.67 23.55 25.22 NOTE
r-devel-linux-x86_64-debian-gcc 0.2.1 1.62 18.27 19.89 NOTE
r-devel-linux-x86_64-fedora-clang 0.2.1 44.70 NOTE
r-devel-linux-x86_64-fedora-gcc 0.2.1 42.94 NOTE
r-devel-windows-x86_64 0.2.1 10.00 50.00 60.00 NOTE
r-patched-linux-x86_64 0.2.1 2.25 22.94 25.19 NOTE
r-release-linux-x86_64 0.2.1 2.12 22.14 24.26 NOTE
r-release-macos-arm64 0.2.1 17.00 NOTE
r-release-macos-x86_64 0.2.1 27.00 NOTE
r-release-windows-x86_64 0.2.1 13.00 47.00 60.00 NOTE
r-oldrel-macos-arm64 0.2.1 19.00 NOTE
r-oldrel-macos-x86_64 0.2.1 25.00 NOTE
r-oldrel-windows-ix86+x86_64 0.2.1 6.00 49.00 55.00 NOTE

Check Details

Version: 0.2.1
Check: LazyData
Result: NOTE
     'LazyData' is specified without a 'data' directory
Flavors: r-devel-linux-x86_64-debian-clang, r-devel-linux-x86_64-debian-gcc, r-devel-linux-x86_64-fedora-clang, r-devel-linux-x86_64-fedora-gcc, r-devel-windows-x86_64, r-patched-linux-x86_64, r-release-linux-x86_64, r-release-macos-arm64, r-release-macos-x86_64, r-release-windows-x86_64, r-oldrel-macos-arm64, r-oldrel-macos-x86_64, r-oldrel-windows-ix86+x86_64