CRAN Package Check Results for Package episensr

Last updated on 2021-10-22 12:59:12 CEST.

Flavor Version Tinstall Tcheck Ttotal Status Flags
r-devel-linux-x86_64-debian-clang 1.1.0 19.28 173.78 193.06 OK
r-devel-linux-x86_64-debian-gcc 1.1.0 15.68 126.97 142.65 OK
r-devel-linux-x86_64-fedora-clang 1.1.0 236.12 OK
r-devel-linux-x86_64-fedora-gcc 1.1.0 222.53 OK
r-devel-windows-x86_64 1.1.0 30.00 221.00 251.00 OK
r-devel-windows-x86_64-gcc10-UCRT 1.1.0 ERROR
r-patched-linux-x86_64 1.1.0 16.68 171.27 187.95 OK
r-patched-solaris-x86 1.1.0 253.90 OK
r-release-linux-x86_64 1.1.0 16.30 172.88 189.18 OK
r-release-macos-arm64 1.1.0 OK
r-release-macos-x86_64 1.1.0 OK
r-release-windows-ix86+x86_64 1.1.0 41.00 224.00 265.00 OK
r-oldrel-macos-x86_64 1.1.0 OK
r-oldrel-windows-ix86+x86_64 1.1.0 39.00 223.00 262.00 OK

Check Details

Version: 1.1.0
Check: package dependencies
Result: ERROR
    Package required but not available: 'ggdag'
    
    See section 'The DESCRIPTION file' in the 'Writing R Extensions'
    manual.
Flavor: r-devel-windows-x86_64-gcc10-UCRT