CRAN Package Check Results for Package equaltestMI

Last updated on 2021-09-28 06:48:22 CEST.

Flavor Version Tinstall Tcheck Ttotal Status Flags
r-devel-linux-x86_64-debian-clang 0.6.1 3.46 49.86 53.32 OK
r-devel-linux-x86_64-debian-gcc 0.6.1 2.95 38.01 40.96 OK
r-devel-linux-x86_64-fedora-clang 0.6.1 73.61 NOTE
r-devel-linux-x86_64-fedora-gcc 0.6.1 63.08 OK
r-devel-windows-x86_64 0.6.1 6.00 57.00 63.00 OK
r-devel-windows-x86_64-gcc10-UCRT 0.6.1 OK
r-patched-linux-x86_64 0.6.1 4.34 47.56 51.90 OK
r-patched-solaris-x86 0.6.1 82.00 OK
r-release-linux-x86_64 0.6.1 3.96 47.89 51.85 OK
r-release-macos-arm64 0.6.1 OK
r-release-macos-x86_64 0.6.1 OK
r-release-windows-ix86+x86_64 0.6.1 9.00 55.00 64.00 OK
r-oldrel-macos-x86_64 0.6.1 OK
r-oldrel-windows-ix86+x86_64 0.6.1 18.00 51.00 69.00 OK

Check Details

Version: 0.6.1
Check: Rd cross-references
Result: NOTE
    Undeclared package ‘OpenMx’ in Rd xrefs
Flavor: r-devel-linux-x86_64-fedora-clang